{"id":988,"date":"2011-09-28T16:31:55","date_gmt":"2011-09-28T14:31:55","guid":{"rendered":"http:\/\/egliseenbrianconnais.net\/WordPress3\/?page_id=988"},"modified":"2026-03-20T18:37:53","modified_gmt":"2026-03-20T17:37:53","slug":"blog-des-enfants-2","status":"publish","type":"page","link":"https:\/\/egliseenbrianconnais.net\/WordPress3\/blog-des-enfants-2\/","title":{"rendered":"EVEIL A LA FOI &#8211; CATECHESE"},"content":{"rendered":"\n<p class=\"has-text-align-center\"><img decoding=\"async\" class=\"wp-image-48329\" style=\"width: 500px;\" src=\"https:\/\/egliseenbrianconnais.net\/WordPress3\/wp-content\/uploads\/2025\/05\/Jubilaus-2025-logo.jpg\" alt=\"\"\/><\/p>\n\n\n\n<p class=\"has-text-align-center\">***********<\/p>\n\n\n\n<figure class=\"wp-block-image size-large\"><img loading=\"lazy\" decoding=\"async\" width=\"724\" height=\"1024\" src=\"https:\/\/egliseenbrianconnais.net\/WordPress3\/wp-content\/uploads\/2026\/03\/Celebration-Semaine-Sainte-724x1024.jpg\" alt=\"\" class=\"wp-image-50154\" srcset=\"https:\/\/egliseenbrianconnais.net\/WordPress3\/wp-content\/uploads\/2026\/03\/Celebration-Semaine-Sainte-724x1024.jpg 724w, https:\/\/egliseenbrianconnais.net\/WordPress3\/wp-content\/uploads\/2026\/03\/Celebration-Semaine-Sainte-212x300.jpg 212w, https:\/\/egliseenbrianconnais.net\/WordPress3\/wp-content\/uploads\/2026\/03\/Celebration-Semaine-Sainte-768x1086.jpg 768w, https:\/\/egliseenbrianconnais.net\/WordPress3\/wp-content\/uploads\/2026\/03\/Celebration-Semaine-Sainte-50x71.jpg 50w, https:\/\/egliseenbrianconnais.net\/WordPress3\/wp-content\/uploads\/2026\/03\/Celebration-Semaine-Sainte-1086x1536.jpg 1086w, https:\/\/egliseenbrianconnais.net\/WordPress3\/wp-content\/uploads\/2026\/03\/Celebration-Semaine-Sainte-1200x1697.jpg 1200w, https:\/\/egliseenbrianconnais.net\/WordPress3\/wp-content\/uploads\/2026\/03\/Celebration-Semaine-Sainte.jpg 1414w\" sizes=\"auto, (max-width: 724px) 100vw, 724px\" \/><\/figure>\n\n\n\n<p class=\"has-text-align-center\">************************************************<\/p>\n\n\n\n<p class=\"has-text-align-center has-large-font-size\"><strong>Inscriptions \u00e0 l\u2019\u00e9veil \u00e0 la foi et au cat\u00e9chisme<\/strong><\/p>\n\n\n\n<figure class=\"wp-block-image size-full\"><a href=\"https:\/\/egliseenbrianconnais.net\/WordPress3\/wp-content\/uploads\/2025\/08\/Cathe-2025-2026-bis.jpg\"><img loading=\"lazy\" decoding=\"async\" width=\"595\" height=\"842\" src=\"https:\/\/egliseenbrianconnais.net\/WordPress3\/wp-content\/uploads\/2025\/08\/Cathe-2025-2026-bis.jpg\" alt=\"\" class=\"wp-image-48748\" srcset=\"https:\/\/egliseenbrianconnais.net\/WordPress3\/wp-content\/uploads\/2025\/08\/Cathe-2025-2026-bis.jpg 595w, https:\/\/egliseenbrianconnais.net\/WordPress3\/wp-content\/uploads\/2025\/08\/Cathe-2025-2026-bis-212x300.jpg 212w, https:\/\/egliseenbrianconnais.net\/WordPress3\/wp-content\/uploads\/2025\/08\/Cathe-2025-2026-bis-50x71.jpg 50w\" sizes=\"auto, (max-width: 595px) 100vw, 595px\" \/><\/a><\/figure>\n\n\n\n<p class=\"has-text-align-center\"><strong><a href=\"https:\/\/egliseenbrianconnais.net\/WordPress3\/wp-content\/uploads\/2025\/08\/2025-Fiche-Inscription-KTBIS.pdf\">Fiche d&rsquo;Inscription au Cat\u00e9chisme : T\u00e9l\u00e9charger<\/a><\/strong><\/p>\n\n\n\n<figure class=\"wp-block-gallery has-nested-images columns-default is-cropped wp-block-gallery-1 is-layout-flex wp-block-gallery-is-layout-flex\">\n<figure class=\"wp-block-image size-large\"><a href=\"https:\/\/egliseenbrianconnais.net\/WordPress3\/wp-content\/uploads\/2025\/08\/Fiche-inscription-KT-2025-P1.jpg\"><img loading=\"lazy\" decoding=\"async\" width=\"721\" height=\"1024\" data-id=\"48752\" src=\"https:\/\/egliseenbrianconnais.net\/WordPress3\/wp-content\/uploads\/2025\/08\/Fiche-inscription-KT-2025-P1-721x1024.jpg\" alt=\"\" class=\"wp-image-48752\" srcset=\"https:\/\/egliseenbrianconnais.net\/WordPress3\/wp-content\/uploads\/2025\/08\/Fiche-inscription-KT-2025-P1-721x1024.jpg 721w, https:\/\/egliseenbrianconnais.net\/WordPress3\/wp-content\/uploads\/2025\/08\/Fiche-inscription-KT-2025-P1-211x300.jpg 211w, https:\/\/egliseenbrianconnais.net\/WordPress3\/wp-content\/uploads\/2025\/08\/Fiche-inscription-KT-2025-P1-768x1090.jpg 768w, https:\/\/egliseenbrianconnais.net\/WordPress3\/wp-content\/uploads\/2025\/08\/Fiche-inscription-KT-2025-P1-50x71.jpg 50w, https:\/\/egliseenbrianconnais.net\/WordPress3\/wp-content\/uploads\/2025\/08\/Fiche-inscription-KT-2025-P1.jpg 782w\" sizes=\"auto, (max-width: 721px) 100vw, 721px\" \/><\/a><\/figure>\n\n\n\n<figure class=\"wp-block-image size-large\"><a href=\"https:\/\/egliseenbrianconnais.net\/WordPress3\/wp-content\/uploads\/2025\/08\/Fiche-inscription-KT-2025-P2.jpg\"><img loading=\"lazy\" decoding=\"async\" width=\"722\" height=\"1024\" data-id=\"48753\" src=\"https:\/\/egliseenbrianconnais.net\/WordPress3\/wp-content\/uploads\/2025\/08\/Fiche-inscription-KT-2025-P2-722x1024.jpg\" alt=\"\" class=\"wp-image-48753\" srcset=\"https:\/\/egliseenbrianconnais.net\/WordPress3\/wp-content\/uploads\/2025\/08\/Fiche-inscription-KT-2025-P2-722x1024.jpg 722w, https:\/\/egliseenbrianconnais.net\/WordPress3\/wp-content\/uploads\/2025\/08\/Fiche-inscription-KT-2025-P2-211x300.jpg 211w, https:\/\/egliseenbrianconnais.net\/WordPress3\/wp-content\/uploads\/2025\/08\/Fiche-inscription-KT-2025-P2-768x1090.jpg 768w, https:\/\/egliseenbrianconnais.net\/WordPress3\/wp-content\/uploads\/2025\/08\/Fiche-inscription-KT-2025-P2-50x71.jpg 50w, https:\/\/egliseenbrianconnais.net\/WordPress3\/wp-content\/uploads\/2025\/08\/Fiche-inscription-KT-2025-P2.jpg 785w\" sizes=\"auto, (max-width: 722px) 100vw, 722px\" \/><\/a><\/figure>\n<\/figure>\n\n\n\n<p class=\"has-text-align-center has-large-font-size\"><strong>2025-2026<\/strong><\/p>\n\n\n\n<figure class=\"wp-block-table\"><table class=\"has-fixed-layout\"><tbody><tr><td class=\"has-text-align-center\" data-align=\"center\"><strong>A la Maison paroissiale&nbsp;:<\/strong><br \/>Mercredi 27 ao\u00fbt de 9h \u00e0 13h30<br \/>Vendredi 29 ao\u00fbt de 14h \u00e0 18h<br \/>Mercredi 3 septembre de 9h \u00e0 13h30<br \/>Samedi 6 septembre de 9h30 \u00e0 12h<\/td><\/tr><tr><td class=\"has-text-align-center\" data-align=\"center\"><\/td><\/tr><tr><td class=\"has-text-align-center\" data-align=\"center\"><strong>A l\u2019\u00e9cole Carlhian Rippert&nbsp;:<\/strong><br \/>Jeudi 4 septembre<br \/>Vendredi 5 septembre<br \/>De 8h \u00e0 9h et de 16h30 \u00e0 18h<\/td><\/tr><\/tbody><\/table><\/figure>\n\n\n\n<p class=\"has-text-align-center\"><strong>Renseignements&nbsp;:<\/strong> 04 92 20 04 10, <\/p>\n\n\n\n<p class=\"has-text-align-center\"><a href=\"mailto:paroisse.briancon@diocesedegap.com\">paroisse.briancon@diocesedegap.com<\/a><\/p>\n\n\n\n<p class=\"has-text-align-center\">************************************************<\/p>\n\n\n\n<figure class=\"wp-block-table alignwide\"><table class=\"has-fixed-layout\"><tbody><tr><td class=\"has-text-align-center\" data-align=\"center\"><br \/><br \/><strong><u><mark style=\"background-color:rgba(0, 0, 0, 0)\" class=\"has-inline-color has-primary-color\">\u00c9veil \u00e0 la foi, cat\u00e9chisme, aum\u00f4nerie des jeunes<\/mark><\/u><\/strong><br \/><strong>Maison paroissiale<\/strong><br \/><strong>17 rue Alphand 05100 Brian\u00e7on<\/strong><br \/><strong>Tel&nbsp;: 04 92 20 04 10<\/strong><br \/><br \/><\/td><\/tr><\/tbody><\/table><\/figure>\n\n\n<figure class=\"wp-block-image aligncenter size-full\"><\/figure>\n<p><!-- \/wp:post-content --><\/p>\n<p><!-- wp:paragraph {\"align\":\"center\"} --><\/p>\n<p><!-- \/wp:paragraph --><\/p>\n<p><!-- wp:paragraph {\"align\":\"center\",\"fontSize\":\"larger\"} --><\/p>\n<p><!-- \/wp:paragraph --><\/p>\n<p><!-- wp:image {\"align\":\"center\",\"id\":43075,\"width\":550,\"height\":788,\"sizeSlug\":\"large\",\"linkDestination\":\"media\"} --><\/p>\n<p><!-- \/wp:image --><\/p>\n<p><!-- wp:paragraph {\"align\":\"center\"} --><\/p>\n<p><!-- \/wp:paragraph --><\/p>\n<p><!-- wp:paragraph {\"align\":\"center\"} --><\/p>\n<p><!-- \/wp:paragraph --><\/p>\n<p><!-- wp:image {\"align\":\"center\",\"id\":43000,\"width\":545,\"height\":768,\"sizeSlug\":\"large\",\"linkDestination\":\"media\"} --><\/p>\n<p><!-- \/wp:image --><\/p>\n<p><!-- wp:paragraph {\"align\":\"center\",\"fontSize\":\"small\"} --><\/p>\n<p><!-- \/wp:paragraph --><\/p>\n<p><!-- wp:paragraph {\"align\":\"center\"} --><\/p>\n<p><!-- \/wp:paragraph --><\/p>\n<p><!-- wp:paragraph {\"align\":\"center\"} --><\/p>\n<p><!-- \/wp:paragraph --><\/p>\n<p><!-- wp:gallery {\"linkTo\":\"media\",\"align\":\"center\"} --><\/p>\n<figure class=\"wp-block-gallery aligncenter has-nested-images columns-default is-cropped\"><!-- wp:image {\"id\":41257,\"sizeSlug\":\"large\",\"linkDestination\":\"media\"} --><\/figure>\n<p><!-- \/wp:image --><\/p>\n<p><!-- wp:image {\"id\":41256,\"sizeSlug\":\"large\",\"linkDestination\":\"media\"} --><\/p>\n<p><!-- \/wp:image --><\/p>\n<p><!-- wp:image {\"id\":41255,\"sizeSlug\":\"large\",\"linkDestination\":\"media\"} --><\/p>\n<p><!-- \/wp:image --><\/p>\n<p><!-- \/wp:gallery --><\/p>\n<p><!-- wp:paragraph {\"align\":\"center\"} --><\/p>\n<p><!-- \/wp:paragraph --><\/p>\n<p><!-- wp:paragraph {\"align\":\"center\"} --><\/p>\n<p><!-- \/wp:paragraph --><\/p>\n<p><!-- wp:paragraph {\"align\":\"center\"} --><\/p>\n<p><!-- \/wp:paragraph --><\/p>\n<p><!-- wp:image {\"align\":\"center\",\"id\":40487,\"sizeSlug\":\"full\",\"linkDestination\":\"media\"} --><\/p>\n<p><!-- \/wp:image --><\/p>\n<p><!-- wp:paragraph {\"align\":\"center\"} --><\/p>\n<p><!-- \/wp:paragraph --><\/p>\n<p><!-- wp:paragraph {\"align\":\"center\"} --><\/p>\n<p><!-- \/wp:paragraph --><\/p>\n<p><!-- wp:image {\"align\":\"center\",\"id\":40493,\"width\":720,\"height\":506,\"sizeSlug\":\"large\",\"linkDestination\":\"media\"} --><\/p>\n<p><!-- \/wp:image --><\/p>\n<p><!-- wp:paragraph {\"align\":\"center\"} --><\/p>\n<p><!-- \/wp:paragraph --><\/p>\n<p><!-- wp:paragraph {\"align\":\"center\"} --><\/p>\n<p><!-- \/wp:paragraph --><\/p>\n<p><!-- wp:paragraph {\"align\":\"center\"} --><\/p>\n<p><!-- \/wp:paragraph --><\/p>\n<p><!-- wp:paragraph {\"align\":\"center\"} --><\/p>\n<p><!-- \/wp:paragraph --><\/p>\n<p><!-- wp:paragraph {\"align\":\"center\"} --><\/p>\n<p class=\"has-text-align-center\"><strong>************************************<\/strong><\/p>\n<p><!-- \/wp:paragraph --><\/p>\n<p><!-- wp:image {\"align\":\"center\",\"id\":40507,\"sizeSlug\":\"full\",\"linkDestination\":\"media\"} --><\/p>\n<figure class=\"wp-block-image aligncenter size-full\"><a href=\"https:\/\/egliseenbrianconnais.net\/WordPress3\/wp-content\/uploads\/2022\/05\/Carlos-Acutis-900x500.jpg\"><img loading=\"lazy\" decoding=\"async\" width=\"900\" height=\"500\" class=\"wp-image-40507\" src=\"https:\/\/egliseenbrianconnais.net\/WordPress3\/wp-content\/uploads\/2022\/05\/Carlos-Acutis-900x500.jpg\" alt=\"\" srcset=\"https:\/\/egliseenbrianconnais.net\/WordPress3\/wp-content\/uploads\/2022\/05\/Carlos-Acutis-900x500.jpg 900w, https:\/\/egliseenbrianconnais.net\/WordPress3\/wp-content\/uploads\/2022\/05\/Carlos-Acutis-300x167.jpg 300w, https:\/\/egliseenbrianconnais.net\/WordPress3\/wp-content\/uploads\/2022\/05\/Carlos-Acutis-768x427.jpg 768w\" sizes=\"auto, (max-width: 900px) 100vw, 900px\" \/><\/a><\/figure>\n<p><!-- \/wp:image --><\/p>\n<p><!-- wp:paragraph {\"align\":\"center\"} --><\/p>\n<p class=\"has-text-align-center\"><strong><a href=\"http:\/\/egliseenbrianconnais.net\/WordPress3\/beatification-carlo-acutis\/\">CARLOS ACUTIS BEATIFIE LE 10 OCTOBRE 2020<\/a> <\/strong><\/p>\n<p><!-- \/wp:paragraph --><\/p>\n<p><!-- wp:paragraph {\"align\":\"center\"} --><\/p>\n<p class=\"has-text-align-center\"><strong>************************************<\/strong><\/p>\n<p><!-- \/wp:paragraph --><\/p>\n<p><!-- wp:image {\"align\":\"left\",\"id\":40509,\"sizeSlug\":\"full\",\"linkDestination\":\"none\"} --><\/p>\n<figure class=\"wp-block-image alignleft size-full\"><img loading=\"lazy\" decoding=\"async\" width=\"111\" height=\"121\" class=\"wp-image-40509\" src=\"https:\/\/egliseenbrianconnais.net\/WordPress3\/wp-content\/uploads\/2022\/05\/Briancon-Cate-111x121.jpg\" alt=\"\" \/><\/figure>\n<p><!-- \/wp:image --><\/p>\n<p><!-- wp:group --><\/p>\n<div class=\"wp-block-group\"><!-- wp:list --><\/div>\n<ul><!-- wp:list-item --><\/ul>\n<ul>\n<li>Cat\u00e9ch\u00e8se de Brian\u00e7on<\/li>\n<\/ul>\n<p><!-- \/wp:list-item --><\/p>\n<p><!-- wp:list-item --><\/p>\n<ul>\n<li>Contact : 04 92 20 04 10<\/li>\n<\/ul>\n<p><!-- \/wp:list-item --><\/p>\n<p><!-- wp:list-item --><\/p>\n<ul>\n<li>Mail : catechesebrianconnais@gmail.com<\/li>\n<\/ul>\n<p><!-- \/wp:list-item --><\/p>\n<p><!-- \/wp:list --><\/p>\n<p><!-- \/wp:group --><\/p>\n<p><!-- wp:paragraph --><\/p>\n<p><!-- \/wp:paragraph --><\/p>\n<p><!-- wp:paragraph {\"align\":\"center\",\"style\":{\"color\":{\"text\":\"#066121\"}},\"fontSize\":\"large\"} --><\/p>\n<p class=\"has-text-align-center has-text-color has-large-font-size\" style=\"color: #066121;\"><strong>&#x2663;&#8230;..&#x2663;&#8230;..&#x2663;<\/strong><\/p>\n<p><!-- \/wp:paragraph --><\/p>\n<p><!-- wp:paragraph {\"align\":\"center\",\"style\":{\"color\":{\"background\":\"#163871\",\"text\":\"#ffffff\"}},\"fontSize\":\"large\"} --><\/p>\n<p><!-- \/wp:paragraph --><\/p>\n<p><!-- wp:image {\"align\":\"center\",\"id\":40512,\"width\":512,\"height\":384,\"sizeSlug\":\"large\",\"linkDestination\":\"media\"} --><\/p>\n<p><!-- \/wp:image --><\/p>\n<p><!-- wp:image {\"align\":\"center\",\"id\":40515,\"width\":512,\"height\":439,\"sizeSlug\":\"full\",\"linkDestination\":\"media\"} --><\/p>\n<p><!-- \/wp:image --><\/p>\n<p><!-- wp:heading {\"textAlign\":\"center\"} --><\/p>\n<p><!-- \/wp:heading --><\/p>\n<p><!-- wp:paragraph {\"align\":\"center\",\"style\":{\"color\":{\"background\":\"#fffeb4\"}},\"fontSize\":\"large\"} --><\/p>\n<p><!-- \/wp:paragraph --><\/p>\n<p><!-- wp:image {\"align\":\"center\",\"id\":40516,\"width\":500,\"height\":768,\"sizeSlug\":\"large\",\"linkDestination\":\"media\"} --><\/p>\n<p><!-- \/wp:image --><\/p>\n<p><!-- wp:image {\"align\":\"center\",\"id\":40517,\"width\":500,\"height\":768,\"sizeSlug\":\"large\",\"linkDestination\":\"media\"} --><\/p>\n<p><!-- \/wp:image --><\/p>\n<p><!-- wp:heading {\"textAlign\":\"center\"} --><\/p>\n<p><!-- \/wp:heading --><\/p>\n<p><!-- wp:paragraph {\"align\":\"center\",\"style\":{\"typography\":{\"fontSize\":\"20px\"}},\"backgroundColor\":\"accent\"} --><\/p>\n<p><!-- \/wp:paragraph --><\/p>\n<p><!-- wp:audio {\"id\":40527} --><\/p>\n<figure class=\"wp-block-audio\"><\/figure>\n<p class=\"has-text-align-center\">J\u00e9sus nous donne son amour pour vivre<\/p>\n<p style=\"text-align: center;\">\n<\/p><p><!-- \/wp:audio --><\/p>\n<p><!-- wp:table {\"align\":\"center\"} --><\/p>\n<figure class=\"wp-block-table aligncenter\">\n<table class=\"has-fixed-layout\">\n<tbody>\n<tr>\n<td><img loading=\"lazy\" decoding=\"async\" width=\"119\" height=\"139\" src=\"https:\/\/egliseenbrianconnais.net\/WordPress3\/wp-content\/uploads\/2023\/08\/Cathe.jpg\" alt=\"\"\/>\u00a0<\/td>\n<\/tr>\n<\/tbody>\n<\/table>\n<\/figure>\n<p><!-- \/wp:table --><\/p>","protected":false},"excerpt":{"rendered":"<p>*********** ************************************************ Inscriptions \u00e0 l\u2019\u00e9veil \u00e0 la foi et au cat\u00e9chisme Fiche d&rsquo;Inscription au Cat\u00e9chisme : T\u00e9l\u00e9charger 2025-2026 A la Maison paroissiale&nbsp;:Mercredi 27 ao\u00fbt de 9h \u00e0 13h30Vendredi 29 ao\u00fbt de 14h \u00e0 18hMercredi 3 septembre de 9h \u00e0 13h30Samedi 6 septembre de 9h30 \u00e0 12h A l\u2019\u00e9cole Carlhian Rippert&nbsp;:Jeudi 4 septembreVendredi 5 septembreDe 8h [&hellip;]<\/p>\n","protected":false},"author":11,"featured_media":0,"parent":0,"menu_order":0,"comment_status":"closed","ping_status":"closed","template":"","meta":{"jetpack_post_was_ever_published":false,"footnotes":""},"class_list":["post-988","page","type-page","status-publish","hentry"],"yoast_head":"<!-- This site is optimized with the Yoast SEO plugin v27.3 - https:\/\/yoast.com\/product\/yoast-seo-wordpress\/ -->\n<title>EVEIL A LA FOI - CATECHESE - Eglise en Brian\u00e7onnais<\/title>\n<meta name=\"robots\" content=\"index, follow, max-snippet:-1, max-image-preview:large, max-video-preview:-1\" \/>\n<link rel=\"canonical\" href=\"https:\/\/egliseenbrianconnais.net\/WordPress3\/blog-des-enfants-2\/\" \/>\n<meta property=\"og:locale\" content=\"fr_FR\" \/>\n<meta property=\"og:type\" content=\"article\" \/>\n<meta property=\"og:title\" content=\"EVEIL A LA FOI - CATECHESE - Eglise en Brian\u00e7onnais\" \/>\n<meta property=\"og:description\" content=\"*********** ************************************************ Inscriptions \u00e0 l\u2019\u00e9veil \u00e0 la foi et au cat\u00e9chisme Fiche d&rsquo;Inscription au Cat\u00e9chisme : T\u00e9l\u00e9charger 2025-2026 A la Maison paroissiale&nbsp;:Mercredi 27 ao\u00fbt de 9h \u00e0 13h30Vendredi 29 ao\u00fbt de 14h \u00e0 18hMercredi 3 septembre de 9h \u00e0 13h30Samedi 6 septembre de 9h30 \u00e0 12h A l\u2019\u00e9cole Carlhian Rippert&nbsp;:Jeudi 4 septembreVendredi 5 septembreDe 8h [&hellip;]\" \/>\n<meta property=\"og:url\" content=\"https:\/\/egliseenbrianconnais.net\/WordPress3\/blog-des-enfants-2\/\" \/>\n<meta property=\"og:site_name\" content=\"Eglise en Brian\u00e7onnais\" \/>\n<meta property=\"article:modified_time\" content=\"2026-03-20T17:37:53+00:00\" \/>\n<meta name=\"twitter:card\" content=\"summary_large_image\" \/>\n<meta name=\"twitter:label1\" content=\"Dur\u00e9e de lecture estim\u00e9e\" \/>\n\t<meta name=\"twitter:data1\" content=\"3 minutes\" \/>\n<script type=\"application\/ld+json\" class=\"yoast-schema-graph\">{\"@context\":\"https:\\\/\\\/schema.org\",\"@graph\":[{\"@type\":\"WebPage\",\"@id\":\"https:\\\/\\\/egliseenbrianconnais.net\\\/WordPress3\\\/blog-des-enfants-2\\\/\",\"url\":\"https:\\\/\\\/egliseenbrianconnais.net\\\/WordPress3\\\/blog-des-enfants-2\\\/\",\"name\":\"EVEIL A LA FOI - CATECHESE - Eglise en Brian\u00e7onnais\",\"isPartOf\":{\"@id\":\"https:\\\/\\\/egliseenbrianconnais.net\\\/WordPress3\\\/#website\"},\"primaryImageOfPage\":{\"@id\":\"https:\\\/\\\/egliseenbrianconnais.net\\\/WordPress3\\\/blog-des-enfants-2\\\/#primaryimage\"},\"image\":{\"@id\":\"https:\\\/\\\/egliseenbrianconnais.net\\\/WordPress3\\\/blog-des-enfants-2\\\/#primaryimage\"},\"thumbnailUrl\":\"https:\\\/\\\/egliseenbrianconnais.net\\\/WordPress3\\\/wp-content\\\/uploads\\\/2025\\\/05\\\/Jubilaus-2025-logo.jpg\",\"datePublished\":\"2011-09-28T14:31:55+00:00\",\"dateModified\":\"2026-03-20T17:37:53+00:00\",\"breadcrumb\":{\"@id\":\"https:\\\/\\\/egliseenbrianconnais.net\\\/WordPress3\\\/blog-des-enfants-2\\\/#breadcrumb\"},\"inLanguage\":\"fr-FR\",\"potentialAction\":[{\"@type\":\"ReadAction\",\"target\":[\"https:\\\/\\\/egliseenbrianconnais.net\\\/WordPress3\\\/blog-des-enfants-2\\\/\"]}]},{\"@type\":\"ImageObject\",\"inLanguage\":\"fr-FR\",\"@id\":\"https:\\\/\\\/egliseenbrianconnais.net\\\/WordPress3\\\/blog-des-enfants-2\\\/#primaryimage\",\"url\":\"\",\"contentUrl\":\"\"},{\"@type\":\"BreadcrumbList\",\"@id\":\"https:\\\/\\\/egliseenbrianconnais.net\\\/WordPress3\\\/blog-des-enfants-2\\\/#breadcrumb\",\"itemListElement\":[{\"@type\":\"ListItem\",\"position\":1,\"name\":\"Accueil\",\"item\":\"https:\\\/\\\/egliseenbrianconnais.net\\\/WordPress3\\\/\"},{\"@type\":\"ListItem\",\"position\":2,\"name\":\"EVEIL A LA FOI &#8211; CATECHESE\"}]},{\"@type\":\"WebSite\",\"@id\":\"https:\\\/\\\/egliseenbrianconnais.net\\\/WordPress3\\\/#website\",\"url\":\"https:\\\/\\\/egliseenbrianconnais.net\\\/WordPress3\\\/\",\"name\":\"EgliseenBrian\u00e7onnais\",\"description\":\"BIENVENUE !\",\"publisher\":{\"@id\":\"https:\\\/\\\/egliseenbrianconnais.net\\\/WordPress3\\\/#organization\"},\"potentialAction\":[{\"@type\":\"SearchAction\",\"target\":{\"@type\":\"EntryPoint\",\"urlTemplate\":\"https:\\\/\\\/egliseenbrianconnais.net\\\/WordPress3\\\/?s={search_term_string}\"},\"query-input\":{\"@type\":\"PropertyValueSpecification\",\"valueRequired\":true,\"valueName\":\"search_term_string\"}}],\"inLanguage\":\"fr-FR\"},{\"@type\":\"Organization\",\"@id\":\"https:\\\/\\\/egliseenbrianconnais.net\\\/WordPress3\\\/#organization\",\"name\":\"EgliseenBrian\u00e7onnais\",\"url\":\"https:\\\/\\\/egliseenbrianconnais.net\\\/WordPress3\\\/\",\"logo\":{\"@type\":\"ImageObject\",\"inLanguage\":\"fr-FR\",\"@id\":\"https:\\\/\\\/egliseenbrianconnais.net\\\/WordPress3\\\/#\\\/schema\\\/logo\\\/image\\\/\",\"url\":\"http:\\\/\\\/egliseenbrianconnais.net\\\/WordPress3\\\/wp-content\\\/uploads\\\/2021\\\/09\\\/Logo-Ste-Catherine.jpg\",\"contentUrl\":\"http:\\\/\\\/egliseenbrianconnais.net\\\/WordPress3\\\/wp-content\\\/uploads\\\/2021\\\/09\\\/Logo-Ste-Catherine.jpg\",\"width\":850,\"height\":1417,\"caption\":\"EgliseenBrian\u00e7onnais\"},\"image\":{\"@id\":\"https:\\\/\\\/egliseenbrianconnais.net\\\/WordPress3\\\/#\\\/schema\\\/logo\\\/image\\\/\"}}]}<\/script>\n<!-- \/ Yoast SEO plugin. -->","yoast_head_json":{"title":"EVEIL A LA FOI - CATECHESE - Eglise en Brian\u00e7onnais","robots":{"index":"index","follow":"follow","max-snippet":"max-snippet:-1","max-image-preview":"max-image-preview:large","max-video-preview":"max-video-preview:-1"},"canonical":"https:\/\/egliseenbrianconnais.net\/WordPress3\/blog-des-enfants-2\/","og_locale":"fr_FR","og_type":"article","og_title":"EVEIL A LA FOI - CATECHESE - Eglise en Brian\u00e7onnais","og_description":"*********** ************************************************ Inscriptions \u00e0 l\u2019\u00e9veil \u00e0 la foi et au cat\u00e9chisme Fiche d&rsquo;Inscription au Cat\u00e9chisme : T\u00e9l\u00e9charger 2025-2026 A la Maison paroissiale&nbsp;:Mercredi 27 ao\u00fbt de 9h \u00e0 13h30Vendredi 29 ao\u00fbt de 14h \u00e0 18hMercredi 3 septembre de 9h \u00e0 13h30Samedi 6 septembre de 9h30 \u00e0 12h A l\u2019\u00e9cole Carlhian Rippert&nbsp;:Jeudi 4 septembreVendredi 5 septembreDe 8h [&hellip;]","og_url":"https:\/\/egliseenbrianconnais.net\/WordPress3\/blog-des-enfants-2\/","og_site_name":"Eglise en Brian\u00e7onnais","article_modified_time":"2026-03-20T17:37:53+00:00","twitter_card":"summary_large_image","twitter_misc":{"Dur\u00e9e de lecture estim\u00e9e":"3 minutes"},"schema":{"@context":"https:\/\/schema.org","@graph":[{"@type":"WebPage","@id":"https:\/\/egliseenbrianconnais.net\/WordPress3\/blog-des-enfants-2\/","url":"https:\/\/egliseenbrianconnais.net\/WordPress3\/blog-des-enfants-2\/","name":"EVEIL A LA FOI - CATECHESE - Eglise en Brian\u00e7onnais","isPartOf":{"@id":"https:\/\/egliseenbrianconnais.net\/WordPress3\/#website"},"primaryImageOfPage":{"@id":"https:\/\/egliseenbrianconnais.net\/WordPress3\/blog-des-enfants-2\/#primaryimage"},"image":{"@id":"https:\/\/egliseenbrianconnais.net\/WordPress3\/blog-des-enfants-2\/#primaryimage"},"thumbnailUrl":"https:\/\/egliseenbrianconnais.net\/WordPress3\/wp-content\/uploads\/2025\/05\/Jubilaus-2025-logo.jpg","datePublished":"2011-09-28T14:31:55+00:00","dateModified":"2026-03-20T17:37:53+00:00","breadcrumb":{"@id":"https:\/\/egliseenbrianconnais.net\/WordPress3\/blog-des-enfants-2\/#breadcrumb"},"inLanguage":"fr-FR","potentialAction":[{"@type":"ReadAction","target":["https:\/\/egliseenbrianconnais.net\/WordPress3\/blog-des-enfants-2\/"]}]},{"@type":"ImageObject","inLanguage":"fr-FR","@id":"https:\/\/egliseenbrianconnais.net\/WordPress3\/blog-des-enfants-2\/#primaryimage","url":"","contentUrl":""},{"@type":"BreadcrumbList","@id":"https:\/\/egliseenbrianconnais.net\/WordPress3\/blog-des-enfants-2\/#breadcrumb","itemListElement":[{"@type":"ListItem","position":1,"name":"Accueil","item":"https:\/\/egliseenbrianconnais.net\/WordPress3\/"},{"@type":"ListItem","position":2,"name":"EVEIL A LA FOI &#8211; CATECHESE"}]},{"@type":"WebSite","@id":"https:\/\/egliseenbrianconnais.net\/WordPress3\/#website","url":"https:\/\/egliseenbrianconnais.net\/WordPress3\/","name":"EgliseenBrian\u00e7onnais","description":"BIENVENUE !","publisher":{"@id":"https:\/\/egliseenbrianconnais.net\/WordPress3\/#organization"},"potentialAction":[{"@type":"SearchAction","target":{"@type":"EntryPoint","urlTemplate":"https:\/\/egliseenbrianconnais.net\/WordPress3\/?s={search_term_string}"},"query-input":{"@type":"PropertyValueSpecification","valueRequired":true,"valueName":"search_term_string"}}],"inLanguage":"fr-FR"},{"@type":"Organization","@id":"https:\/\/egliseenbrianconnais.net\/WordPress3\/#organization","name":"EgliseenBrian\u00e7onnais","url":"https:\/\/egliseenbrianconnais.net\/WordPress3\/","logo":{"@type":"ImageObject","inLanguage":"fr-FR","@id":"https:\/\/egliseenbrianconnais.net\/WordPress3\/#\/schema\/logo\/image\/","url":"http:\/\/egliseenbrianconnais.net\/WordPress3\/wp-content\/uploads\/2021\/09\/Logo-Ste-Catherine.jpg","contentUrl":"http:\/\/egliseenbrianconnais.net\/WordPress3\/wp-content\/uploads\/2021\/09\/Logo-Ste-Catherine.jpg","width":850,"height":1417,"caption":"EgliseenBrian\u00e7onnais"},"image":{"@id":"https:\/\/egliseenbrianconnais.net\/WordPress3\/#\/schema\/logo\/image\/"}}]}},"jetpack_sharing_enabled":true,"_links":{"self":[{"href":"https:\/\/egliseenbrianconnais.net\/WordPress3\/wp-json\/wp\/v2\/pages\/988","targetHints":{"allow":["GET"]}}],"collection":[{"href":"https:\/\/egliseenbrianconnais.net\/WordPress3\/wp-json\/wp\/v2\/pages"}],"about":[{"href":"https:\/\/egliseenbrianconnais.net\/WordPress3\/wp-json\/wp\/v2\/types\/page"}],"author":[{"embeddable":true,"href":"https:\/\/egliseenbrianconnais.net\/WordPress3\/wp-json\/wp\/v2\/users\/11"}],"replies":[{"embeddable":true,"href":"https:\/\/egliseenbrianconnais.net\/WordPress3\/wp-json\/wp\/v2\/comments?post=988"}],"version-history":[{"count":62,"href":"https:\/\/egliseenbrianconnais.net\/WordPress3\/wp-json\/wp\/v2\/pages\/988\/revisions"}],"predecessor-version":[{"id":50156,"href":"https:\/\/egliseenbrianconnais.net\/WordPress3\/wp-json\/wp\/v2\/pages\/988\/revisions\/50156"}],"wp:attachment":[{"href":"https:\/\/egliseenbrianconnais.net\/WordPress3\/wp-json\/wp\/v2\/media?parent=988"}],"curies":[{"name":"wp","href":"https:\/\/api.w.org\/{rel}","templated":true}]}}