{"id":8005,"date":"2014-10-09T16:44:25","date_gmt":"2014-10-09T14:44:25","guid":{"rendered":"http:\/\/egliseenbrianconnais.net\/WordPress3\/?page_id=8005"},"modified":"2023-10-16T15:39:22","modified_gmt":"2023-10-16T14:39:22","slug":"foi-et-lumiere","status":"publish","type":"page","link":"https:\/\/egliseenbrianconnais.net\/WordPress3\/vie-caritative\/foi-et-lumiere\/","title":{"rendered":"FOI ET PARTAGE"},"content":{"rendered":"<div class=\"wp-block-image\">\n<figure class=\"aligncenter\"><a href=\"https:\/\/www.youtube.com\/watch?v=uivBaxy1_nQ\"><img loading=\"lazy\" decoding=\"async\" width=\"511\" height=\"349\" src=\"http:\/\/egliseenbrianconnais.net\/WordPress3\/wp-content\/uploads\/2017\/12\/Foi-et-Lumi\u00e8re.jpg\" alt=\"\" class=\"wp-image-16948\" srcset=\"https:\/\/egliseenbrianconnais.net\/WordPress3\/wp-content\/uploads\/2017\/12\/Foi-et-Lumi\u00e8re.jpg 511w, https:\/\/egliseenbrianconnais.net\/WordPress3\/wp-content\/uploads\/2017\/12\/Foi-et-Lumi\u00e8re-300x205.jpg 300w\" sizes=\"auto, (max-width: 511px) 100vw, 511px\" \/><\/a><\/figure>\n<\/div>\n\n<div class=\"plain\">\n<p>FOI ET PARTAGE : des communaut\u00e9s de rencontre form\u00e9es de personnes ayant un handicap mental, de leurs familles et d&rsquo;amis, sp\u00e9cialement des jeunes, qui se retrouvent r\u00e9guli\u00e8rement dans un esprit chr\u00e9tien, pour partager leur amiti\u00e9, prier ensemble, f\u00eater et c\u00e9l\u00e9brer la vie<\/p>\n<p>La communaut\u00e9 se rassemble une fois par mois autour de chants et d&rsquo;animations proches d&rsquo;un th\u00e8me en relation avec le calendrier liturgique. L&rsquo;Eucharistie est c\u00e9l\u00e9br\u00e9e par notre aum\u00f4nier et la f\u00e8te se termine par un go\u00fbter.<\/p>\n<p>La communaut\u00e9 apporte sa participation \u00e0 la paroisse en animant une fois par an la messe du samedi soir \u00e0 Sainte Catherine, ainsi qu&rsquo;une messe lors de la neuvaine de Villard St Pancrace<\/p>\n<p style=\"text-align: center;\">FILM SUR JEAN VANIER<\/p>\n<p><a href=\"https:\/\/www.youtube.com\/watch?v=b3yTnMGP0z4&amp;ab_channel=JupiterFilms\"><img loading=\"lazy\" decoding=\"async\" class=\"alignnone\" src=\"http:\/\/egliseenbrianconnais.net\/WordPress3\/wp-content\/uploads\/2019\/02\/Jean-Vanier.jpg\" alt=\"\" width=\"684\" height=\"266\" \/><\/a><\/p>\n<\/div>\n<div class=\"plain\">\n<p style=\"text-align: center;\" align=\"justify\"><span style=\"color: #008000;\">&#x2663;\u00a0 &#x2663;\u00a0 &#x2663;<\/span><\/p>\n<\/div>","protected":false},"excerpt":{"rendered":"<p>FOI ET PARTAGE : des communaut\u00e9s de rencontre form\u00e9es de personnes ayant un handicap mental, de leurs familles et d&rsquo;amis, sp\u00e9cialement des jeunes, qui se retrouvent r\u00e9guli\u00e8rement dans un esprit chr\u00e9tien, pour partager leur amiti\u00e9, prier ensemble, f\u00eater et c\u00e9l\u00e9brer la vie La communaut\u00e9 se rassemble une fois par mois autour de chants et d&rsquo;animations [&hellip;]<\/p>\n","protected":false},"author":409,"featured_media":0,"parent":7894,"menu_order":0,"comment_status":"open","ping_status":"closed","template":"","meta":{"jetpack_post_was_ever_published":false,"footnotes":""},"class_list":["post-8005","page","type-page","status-publish","hentry"],"yoast_head":"<!-- This site is optimized with the Yoast SEO plugin v27.4 - https:\/\/yoast.com\/product\/yoast-seo-wordpress\/ -->\n<title>FOI ET PARTAGE - Eglise en Brian\u00e7onnais<\/title>\n<meta name=\"robots\" content=\"index, follow, max-snippet:-1, max-image-preview:large, max-video-preview:-1\" \/>\n<link rel=\"canonical\" href=\"https:\/\/egliseenbrianconnais.net\/WordPress3\/vie-caritative\/foi-et-lumiere\/\" \/>\n<meta property=\"og:locale\" content=\"fr_FR\" \/>\n<meta property=\"og:type\" content=\"article\" \/>\n<meta property=\"og:title\" content=\"FOI ET PARTAGE - Eglise en Brian\u00e7onnais\" \/>\n<meta property=\"og:description\" content=\"FOI ET PARTAGE : des communaut\u00e9s de rencontre form\u00e9es de personnes ayant un handicap mental, de leurs familles et d&rsquo;amis, sp\u00e9cialement des jeunes, qui se retrouvent r\u00e9guli\u00e8rement dans un esprit chr\u00e9tien, pour partager leur amiti\u00e9, prier ensemble, f\u00eater et c\u00e9l\u00e9brer la vie La communaut\u00e9 se rassemble une fois par mois autour de chants et d&rsquo;animations [&hellip;]\" \/>\n<meta property=\"og:url\" content=\"https:\/\/egliseenbrianconnais.net\/WordPress3\/vie-caritative\/foi-et-lumiere\/\" \/>\n<meta property=\"og:site_name\" content=\"Eglise en Brian\u00e7onnais\" \/>\n<meta property=\"article:modified_time\" content=\"2023-10-16T14:39:22+00:00\" \/>\n<meta property=\"og:image\" content=\"http:\/\/egliseenbrianconnais.net\/WordPress3\/wp-content\/uploads\/2019\/02\/Jean-Vanier.jpg\" \/>\n<meta name=\"twitter:card\" content=\"summary_large_image\" \/>\n<meta name=\"twitter:label1\" content=\"Dur\u00e9e de lecture estim\u00e9e\" \/>\n\t<meta name=\"twitter:data1\" content=\"1 minute\" \/>\n<script type=\"application\/ld+json\" class=\"yoast-schema-graph\">{\"@context\":\"https:\\\/\\\/schema.org\",\"@graph\":[{\"@type\":\"WebPage\",\"@id\":\"https:\\\/\\\/egliseenbrianconnais.net\\\/WordPress3\\\/vie-caritative\\\/foi-et-lumiere\\\/\",\"url\":\"https:\\\/\\\/egliseenbrianconnais.net\\\/WordPress3\\\/vie-caritative\\\/foi-et-lumiere\\\/\",\"name\":\"FOI ET PARTAGE - Eglise en Brian\u00e7onnais\",\"isPartOf\":{\"@id\":\"https:\\\/\\\/egliseenbrianconnais.net\\\/WordPress3\\\/#website\"},\"primaryImageOfPage\":{\"@id\":\"https:\\\/\\\/egliseenbrianconnais.net\\\/WordPress3\\\/vie-caritative\\\/foi-et-lumiere\\\/#primaryimage\"},\"image\":{\"@id\":\"https:\\\/\\\/egliseenbrianconnais.net\\\/WordPress3\\\/vie-caritative\\\/foi-et-lumiere\\\/#primaryimage\"},\"thumbnailUrl\":\"http:\\\/\\\/egliseenbrianconnais.net\\\/WordPress3\\\/wp-content\\\/uploads\\\/2019\\\/02\\\/Jean-Vanier.jpg\",\"datePublished\":\"2014-10-09T14:44:25+00:00\",\"dateModified\":\"2023-10-16T14:39:22+00:00\",\"breadcrumb\":{\"@id\":\"https:\\\/\\\/egliseenbrianconnais.net\\\/WordPress3\\\/vie-caritative\\\/foi-et-lumiere\\\/#breadcrumb\"},\"inLanguage\":\"fr-FR\",\"potentialAction\":[{\"@type\":\"ReadAction\",\"target\":[\"https:\\\/\\\/egliseenbrianconnais.net\\\/WordPress3\\\/vie-caritative\\\/foi-et-lumiere\\\/\"]}]},{\"@type\":\"ImageObject\",\"inLanguage\":\"fr-FR\",\"@id\":\"https:\\\/\\\/egliseenbrianconnais.net\\\/WordPress3\\\/vie-caritative\\\/foi-et-lumiere\\\/#primaryimage\",\"url\":\"https:\\\/\\\/egliseenbrianconnais.net\\\/WordPress3\\\/wp-content\\\/uploads\\\/2019\\\/02\\\/Jean-Vanier.jpg\",\"contentUrl\":\"https:\\\/\\\/egliseenbrianconnais.net\\\/WordPress3\\\/wp-content\\\/uploads\\\/2019\\\/02\\\/Jean-Vanier.jpg\",\"width\":684,\"height\":266},{\"@type\":\"BreadcrumbList\",\"@id\":\"https:\\\/\\\/egliseenbrianconnais.net\\\/WordPress3\\\/vie-caritative\\\/foi-et-lumiere\\\/#breadcrumb\",\"itemListElement\":[{\"@type\":\"ListItem\",\"position\":1,\"name\":\"Accueil\",\"item\":\"https:\\\/\\\/egliseenbrianconnais.net\\\/WordPress3\\\/\"},{\"@type\":\"ListItem\",\"position\":2,\"name\":\"VIE CARITATIVE\",\"item\":\"https:\\\/\\\/egliseenbrianconnais.net\\\/WordPress3\\\/vie-caritative\\\/\"},{\"@type\":\"ListItem\",\"position\":3,\"name\":\"FOI ET PARTAGE\"}]},{\"@type\":\"WebSite\",\"@id\":\"https:\\\/\\\/egliseenbrianconnais.net\\\/WordPress3\\\/#website\",\"url\":\"https:\\\/\\\/egliseenbrianconnais.net\\\/WordPress3\\\/\",\"name\":\"EgliseenBrian\u00e7onnais\",\"description\":\"BIENVENUE !\",\"publisher\":{\"@id\":\"https:\\\/\\\/egliseenbrianconnais.net\\\/WordPress3\\\/#organization\"},\"potentialAction\":[{\"@type\":\"SearchAction\",\"target\":{\"@type\":\"EntryPoint\",\"urlTemplate\":\"https:\\\/\\\/egliseenbrianconnais.net\\\/WordPress3\\\/?s={search_term_string}\"},\"query-input\":{\"@type\":\"PropertyValueSpecification\",\"valueRequired\":true,\"valueName\":\"search_term_string\"}}],\"inLanguage\":\"fr-FR\"},{\"@type\":\"Organization\",\"@id\":\"https:\\\/\\\/egliseenbrianconnais.net\\\/WordPress3\\\/#organization\",\"name\":\"EgliseenBrian\u00e7onnais\",\"url\":\"https:\\\/\\\/egliseenbrianconnais.net\\\/WordPress3\\\/\",\"logo\":{\"@type\":\"ImageObject\",\"inLanguage\":\"fr-FR\",\"@id\":\"https:\\\/\\\/egliseenbrianconnais.net\\\/WordPress3\\\/#\\\/schema\\\/logo\\\/image\\\/\",\"url\":\"http:\\\/\\\/egliseenbrianconnais.net\\\/WordPress3\\\/wp-content\\\/uploads\\\/2021\\\/09\\\/Logo-Ste-Catherine.jpg\",\"contentUrl\":\"http:\\\/\\\/egliseenbrianconnais.net\\\/WordPress3\\\/wp-content\\\/uploads\\\/2021\\\/09\\\/Logo-Ste-Catherine.jpg\",\"width\":850,\"height\":1417,\"caption\":\"EgliseenBrian\u00e7onnais\"},\"image\":{\"@id\":\"https:\\\/\\\/egliseenbrianconnais.net\\\/WordPress3\\\/#\\\/schema\\\/logo\\\/image\\\/\"}}]}<\/script>\n<!-- \/ Yoast SEO plugin. -->","yoast_head_json":{"title":"FOI ET PARTAGE - Eglise en Brian\u00e7onnais","robots":{"index":"index","follow":"follow","max-snippet":"max-snippet:-1","max-image-preview":"max-image-preview:large","max-video-preview":"max-video-preview:-1"},"canonical":"https:\/\/egliseenbrianconnais.net\/WordPress3\/vie-caritative\/foi-et-lumiere\/","og_locale":"fr_FR","og_type":"article","og_title":"FOI ET PARTAGE - Eglise en Brian\u00e7onnais","og_description":"FOI ET PARTAGE : des communaut\u00e9s de rencontre form\u00e9es de personnes ayant un handicap mental, de leurs familles et d&rsquo;amis, sp\u00e9cialement des jeunes, qui se retrouvent r\u00e9guli\u00e8rement dans un esprit chr\u00e9tien, pour partager leur amiti\u00e9, prier ensemble, f\u00eater et c\u00e9l\u00e9brer la vie La communaut\u00e9 se rassemble une fois par mois autour de chants et d&rsquo;animations [&hellip;]","og_url":"https:\/\/egliseenbrianconnais.net\/WordPress3\/vie-caritative\/foi-et-lumiere\/","og_site_name":"Eglise en Brian\u00e7onnais","article_modified_time":"2023-10-16T14:39:22+00:00","og_image":[{"url":"http:\/\/egliseenbrianconnais.net\/WordPress3\/wp-content\/uploads\/2019\/02\/Jean-Vanier.jpg","type":"","width":"","height":""}],"twitter_card":"summary_large_image","twitter_misc":{"Dur\u00e9e de lecture estim\u00e9e":"1 minute"},"schema":{"@context":"https:\/\/schema.org","@graph":[{"@type":"WebPage","@id":"https:\/\/egliseenbrianconnais.net\/WordPress3\/vie-caritative\/foi-et-lumiere\/","url":"https:\/\/egliseenbrianconnais.net\/WordPress3\/vie-caritative\/foi-et-lumiere\/","name":"FOI ET PARTAGE - Eglise en Brian\u00e7onnais","isPartOf":{"@id":"https:\/\/egliseenbrianconnais.net\/WordPress3\/#website"},"primaryImageOfPage":{"@id":"https:\/\/egliseenbrianconnais.net\/WordPress3\/vie-caritative\/foi-et-lumiere\/#primaryimage"},"image":{"@id":"https:\/\/egliseenbrianconnais.net\/WordPress3\/vie-caritative\/foi-et-lumiere\/#primaryimage"},"thumbnailUrl":"http:\/\/egliseenbrianconnais.net\/WordPress3\/wp-content\/uploads\/2019\/02\/Jean-Vanier.jpg","datePublished":"2014-10-09T14:44:25+00:00","dateModified":"2023-10-16T14:39:22+00:00","breadcrumb":{"@id":"https:\/\/egliseenbrianconnais.net\/WordPress3\/vie-caritative\/foi-et-lumiere\/#breadcrumb"},"inLanguage":"fr-FR","potentialAction":[{"@type":"ReadAction","target":["https:\/\/egliseenbrianconnais.net\/WordPress3\/vie-caritative\/foi-et-lumiere\/"]}]},{"@type":"ImageObject","inLanguage":"fr-FR","@id":"https:\/\/egliseenbrianconnais.net\/WordPress3\/vie-caritative\/foi-et-lumiere\/#primaryimage","url":"https:\/\/egliseenbrianconnais.net\/WordPress3\/wp-content\/uploads\/2019\/02\/Jean-Vanier.jpg","contentUrl":"https:\/\/egliseenbrianconnais.net\/WordPress3\/wp-content\/uploads\/2019\/02\/Jean-Vanier.jpg","width":684,"height":266},{"@type":"BreadcrumbList","@id":"https:\/\/egliseenbrianconnais.net\/WordPress3\/vie-caritative\/foi-et-lumiere\/#breadcrumb","itemListElement":[{"@type":"ListItem","position":1,"name":"Accueil","item":"https:\/\/egliseenbrianconnais.net\/WordPress3\/"},{"@type":"ListItem","position":2,"name":"VIE CARITATIVE","item":"https:\/\/egliseenbrianconnais.net\/WordPress3\/vie-caritative\/"},{"@type":"ListItem","position":3,"name":"FOI ET PARTAGE"}]},{"@type":"WebSite","@id":"https:\/\/egliseenbrianconnais.net\/WordPress3\/#website","url":"https:\/\/egliseenbrianconnais.net\/WordPress3\/","name":"EgliseenBrian\u00e7onnais","description":"BIENVENUE !","publisher":{"@id":"https:\/\/egliseenbrianconnais.net\/WordPress3\/#organization"},"potentialAction":[{"@type":"SearchAction","target":{"@type":"EntryPoint","urlTemplate":"https:\/\/egliseenbrianconnais.net\/WordPress3\/?s={search_term_string}"},"query-input":{"@type":"PropertyValueSpecification","valueRequired":true,"valueName":"search_term_string"}}],"inLanguage":"fr-FR"},{"@type":"Organization","@id":"https:\/\/egliseenbrianconnais.net\/WordPress3\/#organization","name":"EgliseenBrian\u00e7onnais","url":"https:\/\/egliseenbrianconnais.net\/WordPress3\/","logo":{"@type":"ImageObject","inLanguage":"fr-FR","@id":"https:\/\/egliseenbrianconnais.net\/WordPress3\/#\/schema\/logo\/image\/","url":"http:\/\/egliseenbrianconnais.net\/WordPress3\/wp-content\/uploads\/2021\/09\/Logo-Ste-Catherine.jpg","contentUrl":"http:\/\/egliseenbrianconnais.net\/WordPress3\/wp-content\/uploads\/2021\/09\/Logo-Ste-Catherine.jpg","width":850,"height":1417,"caption":"EgliseenBrian\u00e7onnais"},"image":{"@id":"https:\/\/egliseenbrianconnais.net\/WordPress3\/#\/schema\/logo\/image\/"}}]}},"jetpack_sharing_enabled":true,"_links":{"self":[{"href":"https:\/\/egliseenbrianconnais.net\/WordPress3\/wp-json\/wp\/v2\/pages\/8005","targetHints":{"allow":["GET"]}}],"collection":[{"href":"https:\/\/egliseenbrianconnais.net\/WordPress3\/wp-json\/wp\/v2\/pages"}],"about":[{"href":"https:\/\/egliseenbrianconnais.net\/WordPress3\/wp-json\/wp\/v2\/types\/page"}],"author":[{"embeddable":true,"href":"https:\/\/egliseenbrianconnais.net\/WordPress3\/wp-json\/wp\/v2\/users\/409"}],"replies":[{"embeddable":true,"href":"https:\/\/egliseenbrianconnais.net\/WordPress3\/wp-json\/wp\/v2\/comments?post=8005"}],"version-history":[{"count":5,"href":"https:\/\/egliseenbrianconnais.net\/WordPress3\/wp-json\/wp\/v2\/pages\/8005\/revisions"}],"predecessor-version":[{"id":44734,"href":"https:\/\/egliseenbrianconnais.net\/WordPress3\/wp-json\/wp\/v2\/pages\/8005\/revisions\/44734"}],"up":[{"embeddable":true,"href":"https:\/\/egliseenbrianconnais.net\/WordPress3\/wp-json\/wp\/v2\/pages\/7894"}],"wp:attachment":[{"href":"https:\/\/egliseenbrianconnais.net\/WordPress3\/wp-json\/wp\/v2\/media?parent=8005"}],"curies":[{"name":"wp","href":"https:\/\/api.w.org\/{rel}","templated":true}]}}