{"id":23,"date":"2011-06-19T19:58:03","date_gmt":"2011-06-19T19:58:03","guid":{"rendered":"http:\/\/egliseenbrianconnais.net\/WordPress3\/?page_id=23"},"modified":"2026-03-09T20:48:08","modified_gmt":"2026-03-09T19:48:08","slug":"blog-des-jeunes","status":"publish","type":"page","link":"https:\/\/egliseenbrianconnais.net\/WordPress3\/blog-des-jeunes\/","title":{"rendered":"AUMONERIE DES JEUNES"},"content":{"rendered":"\n<p class=\"has-text-align-center has-accent-color has-text-color\" style=\"font-size:40px\"><strong>Aum\u00f4nerie 2025-2026<\/strong><\/p>\n\n\n\n<figure class=\"wp-block-table aligncenter\"><table class=\"has-fixed-layout\"><tbody><tr><td class=\"has-text-align-center\" data-align=\"center\"><img loading=\"lazy\" decoding=\"async\" width=\"400\" height=\"566\" class=\"wp-image-50094\" style=\"width: 400px;\" src=\"https:\/\/egliseenbrianconnais.net\/WordPress3\/wp-content\/uploads\/2026\/03\/Temps-fort-des-jeunes-inscription-et-autorisation-parentale-2026_page-0001-1.jpg\" alt=\"\" srcset=\"https:\/\/egliseenbrianconnais.net\/WordPress3\/wp-content\/uploads\/2026\/03\/Temps-fort-des-jeunes-inscription-et-autorisation-parentale-2026_page-0001-1.jpg 1241w, https:\/\/egliseenbrianconnais.net\/WordPress3\/wp-content\/uploads\/2026\/03\/Temps-fort-des-jeunes-inscription-et-autorisation-parentale-2026_page-0001-1-212x300.jpg 212w, https:\/\/egliseenbrianconnais.net\/WordPress3\/wp-content\/uploads\/2026\/03\/Temps-fort-des-jeunes-inscription-et-autorisation-parentale-2026_page-0001-1-724x1024.jpg 724w, https:\/\/egliseenbrianconnais.net\/WordPress3\/wp-content\/uploads\/2026\/03\/Temps-fort-des-jeunes-inscription-et-autorisation-parentale-2026_page-0001-1-768x1086.jpg 768w, https:\/\/egliseenbrianconnais.net\/WordPress3\/wp-content\/uploads\/2026\/03\/Temps-fort-des-jeunes-inscription-et-autorisation-parentale-2026_page-0001-1-50x71.jpg 50w, https:\/\/egliseenbrianconnais.net\/WordPress3\/wp-content\/uploads\/2026\/03\/Temps-fort-des-jeunes-inscription-et-autorisation-parentale-2026_page-0001-1-1086x1536.jpg 1086w, https:\/\/egliseenbrianconnais.net\/WordPress3\/wp-content\/uploads\/2026\/03\/Temps-fort-des-jeunes-inscription-et-autorisation-parentale-2026_page-0001-1-1200x1697.jpg 1200w\" sizes=\"auto, (max-width: 400px) 100vw, 400px\" \/><\/td><td class=\"has-text-align-center\" data-align=\"center\"><img loading=\"lazy\" decoding=\"async\" width=\"400\" height=\"566\" class=\"wp-image-50095\" style=\"width: 400px;\" src=\"https:\/\/egliseenbrianconnais.net\/WordPress3\/wp-content\/uploads\/2026\/03\/Temps-fort-des-jeunes-inscription-et-autorisation-parentale-2026_page-0002-1.jpg\" alt=\"\" srcset=\"https:\/\/egliseenbrianconnais.net\/WordPress3\/wp-content\/uploads\/2026\/03\/Temps-fort-des-jeunes-inscription-et-autorisation-parentale-2026_page-0002-1.jpg 1241w, https:\/\/egliseenbrianconnais.net\/WordPress3\/wp-content\/uploads\/2026\/03\/Temps-fort-des-jeunes-inscription-et-autorisation-parentale-2026_page-0002-1-212x300.jpg 212w, https:\/\/egliseenbrianconnais.net\/WordPress3\/wp-content\/uploads\/2026\/03\/Temps-fort-des-jeunes-inscription-et-autorisation-parentale-2026_page-0002-1-724x1024.jpg 724w, https:\/\/egliseenbrianconnais.net\/WordPress3\/wp-content\/uploads\/2026\/03\/Temps-fort-des-jeunes-inscription-et-autorisation-parentale-2026_page-0002-1-768x1086.jpg 768w, https:\/\/egliseenbrianconnais.net\/WordPress3\/wp-content\/uploads\/2026\/03\/Temps-fort-des-jeunes-inscription-et-autorisation-parentale-2026_page-0002-1-50x71.jpg 50w, https:\/\/egliseenbrianconnais.net\/WordPress3\/wp-content\/uploads\/2026\/03\/Temps-fort-des-jeunes-inscription-et-autorisation-parentale-2026_page-0002-1-1086x1536.jpg 1086w, https:\/\/egliseenbrianconnais.net\/WordPress3\/wp-content\/uploads\/2026\/03\/Temps-fort-des-jeunes-inscription-et-autorisation-parentale-2026_page-0002-1-1200x1697.jpg 1200w\" sizes=\"auto, (max-width: 400px) 100vw, 400px\" \/><\/td><\/tr><tr><td class=\"has-text-align-center\" data-align=\"center\"><a href=\"https:\/\/egliseenbrianconnais.net\/WordPress3\/wp-content\/uploads\/2026\/03\/Temps-fort-des-jeunes-inscription-et-autorisation-parentale-2026_page-0001.pdf\" type=\"link\" id=\"https:\/\/egliseenbrianconnais.net\/WordPress3\/wp-content\/uploads\/2026\/03\/Temps-fort-des-jeunes-inscription-et-autorisation-parentale-2026_page-0001.pdf\"><strong>Renseignements : T\u00e9l\u00e9charger<\/strong><\/a><\/td><td class=\"has-text-align-center\" data-align=\"center\"><a href=\"https:\/\/egliseenbrianconnais.net\/WordPress3\/wp-content\/uploads\/2026\/03\/Temps-fort-des-jeunes-inscription-et-autorisation-parentale-2026_page-0002.pdf\" type=\"link\" id=\"https:\/\/egliseenbrianconnais.net\/WordPress3\/wp-content\/uploads\/2026\/03\/Temps-fort-des-jeunes-inscription-et-autorisation-parentale-2026_page-0002.pdf\"><strong>Inscription : T\u00e9l\u00e9charger<\/strong><\/a><\/td><\/tr><\/tbody><\/table><\/figure>\n\n\n\n<p class=\"has-text-align-center\">****************************<\/p>\n\n\n\n<p class=\"has-background-color has-text-color has-link-color wp-elements-008aa23f6fa57d10fd26b21c67b416df\">********************<\/p>\n\n\n\n<figure class=\"wp-block-image size-large\"><img loading=\"lazy\" decoding=\"async\" width=\"1024\" height=\"623\" src=\"https:\/\/egliseenbrianconnais.net\/WordPress3\/wp-content\/uploads\/2026\/01\/AG-Aumonerie-2026-Logo-1024x623.jpg\" alt=\"\" class=\"wp-image-49694\" srcset=\"https:\/\/egliseenbrianconnais.net\/WordPress3\/wp-content\/uploads\/2026\/01\/AG-Aumonerie-2026-Logo-1024x623.jpg 1024w, https:\/\/egliseenbrianconnais.net\/WordPress3\/wp-content\/uploads\/2026\/01\/AG-Aumonerie-2026-Logo-300x182.jpg 300w, https:\/\/egliseenbrianconnais.net\/WordPress3\/wp-content\/uploads\/2026\/01\/AG-Aumonerie-2026-Logo-768x467.jpg 768w, https:\/\/egliseenbrianconnais.net\/WordPress3\/wp-content\/uploads\/2026\/01\/AG-Aumonerie-2026-Logo-50x30.jpg 50w, https:\/\/egliseenbrianconnais.net\/WordPress3\/wp-content\/uploads\/2026\/01\/AG-Aumonerie-2026-Logo-1600x973.jpg 1600w, https:\/\/egliseenbrianconnais.net\/WordPress3\/wp-content\/uploads\/2026\/01\/AG-Aumonerie-2026-Logo-1536x934.jpg 1536w, https:\/\/egliseenbrianconnais.net\/WordPress3\/wp-content\/uploads\/2026\/01\/AG-Aumonerie-2026-Logo-1200x730.jpg 1200w, https:\/\/egliseenbrianconnais.net\/WordPress3\/wp-content\/uploads\/2026\/01\/AG-Aumonerie-2026-Logo.jpg 1674w\" sizes=\"auto, (max-width: 1024px) 100vw, 1024px\" \/><\/figure>\n\n\n\n<p class=\"has-text-align-center\"><strong><a href=\"https:\/\/egliseenbrianconnais.net\/WordPress3\/wp-content\/uploads\/2026\/01\/Aumonerie-AG-30-01-2026.pdf\" type=\"link\" id=\"https:\/\/egliseenbrianconnais.net\/WordPress3\/wp-content\/uploads\/2026\/01\/Aumonerie-AG-30-01-2026.pdf\">Assembl\u00e9e G\u00e9n\u00e9rale 30 janvier 2026 : T\u00e9l\u00e9charger<\/a><\/strong><\/p>\n\n\n\n<p class=\"has-text-align-center\">****************************<\/p>\n\n\n\n<p class=\"has-text-align-center\"><strong>Inscriptions \u00e0 l&rsquo;Aum\u00f4nerie<\/strong> <strong>des Jeunes<\/strong><\/p>\n\n\n\n<p class=\"has-text-align-center\"><strong>A la Maison paroissiale&nbsp;:<\/strong><br \/>Mercredi 27 ao\u00fbt de 9h \u00e0 13h30<br \/>Vendredi 29 ao\u00fbt de 14h \u00e0 18h<br \/>Mercredi 3 septembre de 9h \u00e0 13h30<br \/>Samedi 6 septembre de 9h30 \u00e0 12h<\/p>\n\n\n\n<p class=\"has-text-align-center\"><strong>A l\u2019\u00e9cole Carlhian Rippert&nbsp;:<\/strong><br \/>Jeudi 4 septembre<br \/>Vendredi 5 septembre<br \/>De 8h \u00e0 9h et de 16h30 \u00e0 18h<\/p>\n\n\n\n<p class=\"has-text-align-center\">*******************<\/p>\n\n\n\n<p class=\"has-text-align-center\"><strong>Renseignements&nbsp;:<\/strong>&nbsp;04 92 20 04 10,<\/p>\n\n\n\n<p class=\"has-text-align-center\"><a href=\"mailto:paroisse.briancon@diocesedegap.com\">paroisse.briancon@diocesedegap.com<\/a><\/p>\n\n\n\n<p class=\"has-text-align-center\">*******************<\/p>\n\n\n\n<p><\/p>\n\n\n\n<figure class=\"wp-block-table alignwide\"><table class=\"has-fixed-layout\"><tbody><tr><td class=\"has-text-align-center\" data-align=\"center\">Chers jeunes,&nbsp;Chers parents,<br \/>&nbsp;La rentr\u00e9e est l\u00e0, la vie paroissiale reprends son cours habituel. Petite nouveaut\u00e9 cependant : vous avez un nouvel aum\u00f4nier. L\u2019abb\u00e9 Edouard reste tout pr\u00e8s, toujours acteur dans la pastorale des jeunes, il se concentre d\u00e9sormais sur ses paroisses des \u00c9crins. Vous allez donc me pr\u00e9senter ce qui se fait \u00e0 l\u2019aum\u00f4nerie et m\u2019introduire \u00e0 ma nouvelle place. Je compte sur la pr\u00e9sence de chacun en vous assurant de ma joie de vous affermir dans la foi, et ma motivation \u00e0 d\u00e9couvrir vos richesses et vous transmettre les miennes.&nbsp;A tr\u00e8s vite.<br \/>L\u2019abb\u00e9 Mathieu de Warren&nbsp;<br \/><br \/><strong>Pour nous contacter&nbsp;<\/strong><br \/>Tel&nbsp;: 04 92 20 04 10<br \/>Mail&nbsp;: <a href=\"mailto:aumonerie.briancon@gmail.com\">aumonerie.briancon@gmail.com<\/a><\/td><\/tr><\/tbody><\/table><\/figure>\n\n\n\n<p class=\"has-text-align-center\">*******************<\/p>\n\n\n<div class=\"wp-block-image\">\n<figure class=\"aligncenter size-large is-resized\"><a href=\"https:\/\/www.facebook.com\/pages\/category\/Religious-Organization\/Aum%C3%B4nerie-des-jeunes-du-Brian%C3%A7onnais-1107858132557585\/\"><img loading=\"lazy\" decoding=\"async\" width=\"960\" height=\"638\" src=\"http:\/\/egliseenbrianconnais.net\/WordPress3\/wp-content\/uploads\/2020\/09\/Aumonerie.jpg\" alt=\"\" class=\"wp-image-29820\" style=\"width:550px;height:undefinedpx\" srcset=\"https:\/\/egliseenbrianconnais.net\/WordPress3\/wp-content\/uploads\/2020\/09\/Aumonerie.jpg 960w, https:\/\/egliseenbrianconnais.net\/WordPress3\/wp-content\/uploads\/2020\/09\/Aumonerie-300x199.jpg 300w, https:\/\/egliseenbrianconnais.net\/WordPress3\/wp-content\/uploads\/2020\/09\/Aumonerie-768x510.jpg 768w\" sizes=\"auto, (max-width: 960px) 100vw, 960px\" \/><\/a><\/figure>\n<\/div>\n\n\n<p class=\"has-text-align-center\">&#8212;&#8212;&#8212;&#8212;&#8212;&#8212;&#8212;&#8212;&#8212;&#8212;&#8212;&#8212;&#8212;&#8212;&#8212;&#8212;&#8212;&#8212;&#8212;&#8212;&#8212;-<\/p>\n\n\n\n<p class=\"has-text-align-center\">contact : 04 92 20 04 10<\/p>\n\n\n\n<p><\/p>\n","protected":false},"excerpt":{"rendered":"<p>Aum\u00f4nerie 2025-2026 Renseignements : T\u00e9l\u00e9charger Inscription : T\u00e9l\u00e9charger **************************** ******************** Assembl\u00e9e G\u00e9n\u00e9rale 30 janvier 2026 : T\u00e9l\u00e9charger **************************** Inscriptions \u00e0 l&rsquo;Aum\u00f4nerie des Jeunes A la Maison paroissiale&nbsp;:Mercredi 27 ao\u00fbt de 9h \u00e0 13h30Vendredi 29 ao\u00fbt de 14h \u00e0 18hMercredi 3 septembre de 9h \u00e0 13h30Samedi 6 septembre de 9h30 \u00e0 12h A l\u2019\u00e9cole Carlhian Rippert&nbsp;:Jeudi [&hellip;]<\/p>\n","protected":false},"author":11,"featured_media":0,"parent":0,"menu_order":0,"comment_status":"closed","ping_status":"open","template":"","meta":{"jetpack_post_was_ever_published":false,"footnotes":""},"class_list":["post-23","page","type-page","status-publish","hentry"],"yoast_head":"<!-- This site is optimized with the Yoast SEO plugin v27.4 - https:\/\/yoast.com\/product\/yoast-seo-wordpress\/ -->\n<title>AUMONERIE DES JEUNES - Eglise en Brian\u00e7onnais<\/title>\n<meta name=\"robots\" content=\"index, follow, max-snippet:-1, max-image-preview:large, max-video-preview:-1\" \/>\n<link rel=\"canonical\" href=\"https:\/\/egliseenbrianconnais.net\/WordPress3\/blog-des-jeunes\/\" \/>\n<meta property=\"og:locale\" content=\"fr_FR\" \/>\n<meta property=\"og:type\" content=\"article\" \/>\n<meta property=\"og:title\" content=\"AUMONERIE DES JEUNES - Eglise en Brian\u00e7onnais\" \/>\n<meta property=\"og:description\" content=\"Aum\u00f4nerie 2025-2026 Renseignements : T\u00e9l\u00e9charger Inscription : T\u00e9l\u00e9charger **************************** ******************** Assembl\u00e9e G\u00e9n\u00e9rale 30 janvier 2026 : T\u00e9l\u00e9charger **************************** Inscriptions \u00e0 l&rsquo;Aum\u00f4nerie des Jeunes A la Maison paroissiale&nbsp;:Mercredi 27 ao\u00fbt de 9h \u00e0 13h30Vendredi 29 ao\u00fbt de 14h \u00e0 18hMercredi 3 septembre de 9h \u00e0 13h30Samedi 6 septembre de 9h30 \u00e0 12h A l\u2019\u00e9cole Carlhian Rippert&nbsp;:Jeudi [&hellip;]\" \/>\n<meta property=\"og:url\" content=\"https:\/\/egliseenbrianconnais.net\/WordPress3\/blog-des-jeunes\/\" \/>\n<meta property=\"og:site_name\" content=\"Eglise en Brian\u00e7onnais\" \/>\n<meta property=\"article:modified_time\" content=\"2026-03-09T19:48:08+00:00\" \/>\n<meta property=\"og:image\" content=\"https:\/\/egliseenbrianconnais.net\/WordPress3\/wp-content\/uploads\/2026\/03\/Temps-fort-des-jeunes-inscription-et-autorisation-parentale-2026_page-0001-1.jpg\" \/>\n\t<meta property=\"og:image:width\" content=\"1241\" \/>\n\t<meta property=\"og:image:height\" content=\"1755\" \/>\n\t<meta property=\"og:image:type\" content=\"image\/jpeg\" \/>\n<meta name=\"twitter:card\" content=\"summary_large_image\" \/>\n<meta name=\"twitter:label1\" content=\"Dur\u00e9e de lecture estim\u00e9e\" \/>\n\t<meta name=\"twitter:data1\" content=\"2 minutes\" \/>\n<script type=\"application\/ld+json\" class=\"yoast-schema-graph\">{\"@context\":\"https:\\\/\\\/schema.org\",\"@graph\":[{\"@type\":\"WebPage\",\"@id\":\"https:\\\/\\\/egliseenbrianconnais.net\\\/WordPress3\\\/blog-des-jeunes\\\/\",\"url\":\"https:\\\/\\\/egliseenbrianconnais.net\\\/WordPress3\\\/blog-des-jeunes\\\/\",\"name\":\"AUMONERIE DES JEUNES - Eglise en Brian\u00e7onnais\",\"isPartOf\":{\"@id\":\"https:\\\/\\\/egliseenbrianconnais.net\\\/WordPress3\\\/#website\"},\"primaryImageOfPage\":{\"@id\":\"https:\\\/\\\/egliseenbrianconnais.net\\\/WordPress3\\\/blog-des-jeunes\\\/#primaryimage\"},\"image\":{\"@id\":\"https:\\\/\\\/egliseenbrianconnais.net\\\/WordPress3\\\/blog-des-jeunes\\\/#primaryimage\"},\"thumbnailUrl\":\"https:\\\/\\\/egliseenbrianconnais.net\\\/WordPress3\\\/wp-content\\\/uploads\\\/2026\\\/03\\\/Temps-fort-des-jeunes-inscription-et-autorisation-parentale-2026_page-0001-1.jpg\",\"datePublished\":\"2011-06-19T19:58:03+00:00\",\"dateModified\":\"2026-03-09T19:48:08+00:00\",\"breadcrumb\":{\"@id\":\"https:\\\/\\\/egliseenbrianconnais.net\\\/WordPress3\\\/blog-des-jeunes\\\/#breadcrumb\"},\"inLanguage\":\"fr-FR\",\"potentialAction\":[{\"@type\":\"ReadAction\",\"target\":[\"https:\\\/\\\/egliseenbrianconnais.net\\\/WordPress3\\\/blog-des-jeunes\\\/\"]}]},{\"@type\":\"ImageObject\",\"inLanguage\":\"fr-FR\",\"@id\":\"https:\\\/\\\/egliseenbrianconnais.net\\\/WordPress3\\\/blog-des-jeunes\\\/#primaryimage\",\"url\":\"https:\\\/\\\/egliseenbrianconnais.net\\\/WordPress3\\\/wp-content\\\/uploads\\\/2026\\\/03\\\/Temps-fort-des-jeunes-inscription-et-autorisation-parentale-2026_page-0001-1.jpg\",\"contentUrl\":\"https:\\\/\\\/egliseenbrianconnais.net\\\/WordPress3\\\/wp-content\\\/uploads\\\/2026\\\/03\\\/Temps-fort-des-jeunes-inscription-et-autorisation-parentale-2026_page-0001-1.jpg\",\"width\":1241,\"height\":1755},{\"@type\":\"BreadcrumbList\",\"@id\":\"https:\\\/\\\/egliseenbrianconnais.net\\\/WordPress3\\\/blog-des-jeunes\\\/#breadcrumb\",\"itemListElement\":[{\"@type\":\"ListItem\",\"position\":1,\"name\":\"Accueil\",\"item\":\"https:\\\/\\\/egliseenbrianconnais.net\\\/WordPress3\\\/\"},{\"@type\":\"ListItem\",\"position\":2,\"name\":\"AUMONERIE DES JEUNES\"}]},{\"@type\":\"WebSite\",\"@id\":\"https:\\\/\\\/egliseenbrianconnais.net\\\/WordPress3\\\/#website\",\"url\":\"https:\\\/\\\/egliseenbrianconnais.net\\\/WordPress3\\\/\",\"name\":\"EgliseenBrian\u00e7onnais\",\"description\":\"BIENVENUE !\",\"publisher\":{\"@id\":\"https:\\\/\\\/egliseenbrianconnais.net\\\/WordPress3\\\/#organization\"},\"potentialAction\":[{\"@type\":\"SearchAction\",\"target\":{\"@type\":\"EntryPoint\",\"urlTemplate\":\"https:\\\/\\\/egliseenbrianconnais.net\\\/WordPress3\\\/?s={search_term_string}\"},\"query-input\":{\"@type\":\"PropertyValueSpecification\",\"valueRequired\":true,\"valueName\":\"search_term_string\"}}],\"inLanguage\":\"fr-FR\"},{\"@type\":\"Organization\",\"@id\":\"https:\\\/\\\/egliseenbrianconnais.net\\\/WordPress3\\\/#organization\",\"name\":\"EgliseenBrian\u00e7onnais\",\"url\":\"https:\\\/\\\/egliseenbrianconnais.net\\\/WordPress3\\\/\",\"logo\":{\"@type\":\"ImageObject\",\"inLanguage\":\"fr-FR\",\"@id\":\"https:\\\/\\\/egliseenbrianconnais.net\\\/WordPress3\\\/#\\\/schema\\\/logo\\\/image\\\/\",\"url\":\"http:\\\/\\\/egliseenbrianconnais.net\\\/WordPress3\\\/wp-content\\\/uploads\\\/2021\\\/09\\\/Logo-Ste-Catherine.jpg\",\"contentUrl\":\"http:\\\/\\\/egliseenbrianconnais.net\\\/WordPress3\\\/wp-content\\\/uploads\\\/2021\\\/09\\\/Logo-Ste-Catherine.jpg\",\"width\":850,\"height\":1417,\"caption\":\"EgliseenBrian\u00e7onnais\"},\"image\":{\"@id\":\"https:\\\/\\\/egliseenbrianconnais.net\\\/WordPress3\\\/#\\\/schema\\\/logo\\\/image\\\/\"}}]}<\/script>\n<!-- \/ Yoast SEO plugin. -->","yoast_head_json":{"title":"AUMONERIE DES JEUNES - Eglise en Brian\u00e7onnais","robots":{"index":"index","follow":"follow","max-snippet":"max-snippet:-1","max-image-preview":"max-image-preview:large","max-video-preview":"max-video-preview:-1"},"canonical":"https:\/\/egliseenbrianconnais.net\/WordPress3\/blog-des-jeunes\/","og_locale":"fr_FR","og_type":"article","og_title":"AUMONERIE DES JEUNES - Eglise en Brian\u00e7onnais","og_description":"Aum\u00f4nerie 2025-2026 Renseignements : T\u00e9l\u00e9charger Inscription : T\u00e9l\u00e9charger **************************** ******************** Assembl\u00e9e G\u00e9n\u00e9rale 30 janvier 2026 : T\u00e9l\u00e9charger **************************** Inscriptions \u00e0 l&rsquo;Aum\u00f4nerie des Jeunes A la Maison paroissiale&nbsp;:Mercredi 27 ao\u00fbt de 9h \u00e0 13h30Vendredi 29 ao\u00fbt de 14h \u00e0 18hMercredi 3 septembre de 9h \u00e0 13h30Samedi 6 septembre de 9h30 \u00e0 12h A l\u2019\u00e9cole Carlhian Rippert&nbsp;:Jeudi [&hellip;]","og_url":"https:\/\/egliseenbrianconnais.net\/WordPress3\/blog-des-jeunes\/","og_site_name":"Eglise en Brian\u00e7onnais","article_modified_time":"2026-03-09T19:48:08+00:00","og_image":[{"width":1241,"height":1755,"url":"https:\/\/egliseenbrianconnais.net\/WordPress3\/wp-content\/uploads\/2026\/03\/Temps-fort-des-jeunes-inscription-et-autorisation-parentale-2026_page-0001-1.jpg","type":"image\/jpeg"}],"twitter_card":"summary_large_image","twitter_misc":{"Dur\u00e9e de lecture estim\u00e9e":"2 minutes"},"schema":{"@context":"https:\/\/schema.org","@graph":[{"@type":"WebPage","@id":"https:\/\/egliseenbrianconnais.net\/WordPress3\/blog-des-jeunes\/","url":"https:\/\/egliseenbrianconnais.net\/WordPress3\/blog-des-jeunes\/","name":"AUMONERIE DES JEUNES - Eglise en Brian\u00e7onnais","isPartOf":{"@id":"https:\/\/egliseenbrianconnais.net\/WordPress3\/#website"},"primaryImageOfPage":{"@id":"https:\/\/egliseenbrianconnais.net\/WordPress3\/blog-des-jeunes\/#primaryimage"},"image":{"@id":"https:\/\/egliseenbrianconnais.net\/WordPress3\/blog-des-jeunes\/#primaryimage"},"thumbnailUrl":"https:\/\/egliseenbrianconnais.net\/WordPress3\/wp-content\/uploads\/2026\/03\/Temps-fort-des-jeunes-inscription-et-autorisation-parentale-2026_page-0001-1.jpg","datePublished":"2011-06-19T19:58:03+00:00","dateModified":"2026-03-09T19:48:08+00:00","breadcrumb":{"@id":"https:\/\/egliseenbrianconnais.net\/WordPress3\/blog-des-jeunes\/#breadcrumb"},"inLanguage":"fr-FR","potentialAction":[{"@type":"ReadAction","target":["https:\/\/egliseenbrianconnais.net\/WordPress3\/blog-des-jeunes\/"]}]},{"@type":"ImageObject","inLanguage":"fr-FR","@id":"https:\/\/egliseenbrianconnais.net\/WordPress3\/blog-des-jeunes\/#primaryimage","url":"https:\/\/egliseenbrianconnais.net\/WordPress3\/wp-content\/uploads\/2026\/03\/Temps-fort-des-jeunes-inscription-et-autorisation-parentale-2026_page-0001-1.jpg","contentUrl":"https:\/\/egliseenbrianconnais.net\/WordPress3\/wp-content\/uploads\/2026\/03\/Temps-fort-des-jeunes-inscription-et-autorisation-parentale-2026_page-0001-1.jpg","width":1241,"height":1755},{"@type":"BreadcrumbList","@id":"https:\/\/egliseenbrianconnais.net\/WordPress3\/blog-des-jeunes\/#breadcrumb","itemListElement":[{"@type":"ListItem","position":1,"name":"Accueil","item":"https:\/\/egliseenbrianconnais.net\/WordPress3\/"},{"@type":"ListItem","position":2,"name":"AUMONERIE DES JEUNES"}]},{"@type":"WebSite","@id":"https:\/\/egliseenbrianconnais.net\/WordPress3\/#website","url":"https:\/\/egliseenbrianconnais.net\/WordPress3\/","name":"EgliseenBrian\u00e7onnais","description":"BIENVENUE !","publisher":{"@id":"https:\/\/egliseenbrianconnais.net\/WordPress3\/#organization"},"potentialAction":[{"@type":"SearchAction","target":{"@type":"EntryPoint","urlTemplate":"https:\/\/egliseenbrianconnais.net\/WordPress3\/?s={search_term_string}"},"query-input":{"@type":"PropertyValueSpecification","valueRequired":true,"valueName":"search_term_string"}}],"inLanguage":"fr-FR"},{"@type":"Organization","@id":"https:\/\/egliseenbrianconnais.net\/WordPress3\/#organization","name":"EgliseenBrian\u00e7onnais","url":"https:\/\/egliseenbrianconnais.net\/WordPress3\/","logo":{"@type":"ImageObject","inLanguage":"fr-FR","@id":"https:\/\/egliseenbrianconnais.net\/WordPress3\/#\/schema\/logo\/image\/","url":"http:\/\/egliseenbrianconnais.net\/WordPress3\/wp-content\/uploads\/2021\/09\/Logo-Ste-Catherine.jpg","contentUrl":"http:\/\/egliseenbrianconnais.net\/WordPress3\/wp-content\/uploads\/2021\/09\/Logo-Ste-Catherine.jpg","width":850,"height":1417,"caption":"EgliseenBrian\u00e7onnais"},"image":{"@id":"https:\/\/egliseenbrianconnais.net\/WordPress3\/#\/schema\/logo\/image\/"}}]}},"jetpack_sharing_enabled":true,"_links":{"self":[{"href":"https:\/\/egliseenbrianconnais.net\/WordPress3\/wp-json\/wp\/v2\/pages\/23","targetHints":{"allow":["GET"]}}],"collection":[{"href":"https:\/\/egliseenbrianconnais.net\/WordPress3\/wp-json\/wp\/v2\/pages"}],"about":[{"href":"https:\/\/egliseenbrianconnais.net\/WordPress3\/wp-json\/wp\/v2\/types\/page"}],"author":[{"embeddable":true,"href":"https:\/\/egliseenbrianconnais.net\/WordPress3\/wp-json\/wp\/v2\/users\/11"}],"replies":[{"embeddable":true,"href":"https:\/\/egliseenbrianconnais.net\/WordPress3\/wp-json\/wp\/v2\/comments?post=23"}],"version-history":[{"count":61,"href":"https:\/\/egliseenbrianconnais.net\/WordPress3\/wp-json\/wp\/v2\/pages\/23\/revisions"}],"predecessor-version":[{"id":50108,"href":"https:\/\/egliseenbrianconnais.net\/WordPress3\/wp-json\/wp\/v2\/pages\/23\/revisions\/50108"}],"wp:attachment":[{"href":"https:\/\/egliseenbrianconnais.net\/WordPress3\/wp-json\/wp\/v2\/media?parent=23"}],"curies":[{"name":"wp","href":"https:\/\/api.w.org\/{rel}","templated":true}]}}