{"id":15466,"date":"2017-09-27T08:13:31","date_gmt":"2017-09-27T07:13:31","guid":{"rendered":"http:\/\/egliseenbrianconnais.net\/WordPress3\/?page_id=15466"},"modified":"2025-11-03T22:37:29","modified_gmt":"2025-11-03T21:37:29","slug":"bible-semiotique","status":"publish","type":"page","link":"https:\/\/egliseenbrianconnais.net\/WordPress3\/annonce-de-la-parole\/bible-semiotique\/","title":{"rendered":"ETUDE BIBLIQUE"},"content":{"rendered":"\n<p class=\"has-text-align-center has-large-font-size\"><strong>Calendrier des Rencontres<\/strong><\/p>\n\n\n\n<p class=\"has-text-align-center\"><strong>Maison Paroissiale &#8211; 17 rue Alphand, Brian\u00e7on<\/strong><\/p>\n\n\n\n<p class=\"has-text-align-center has-normal-font-size\"><strong>14 h &#8211; 16h<\/strong><\/p>\n\n\n\n<figure class=\"wp-block-table\"><table class=\"has-fixed-layout\"><tbody><tr><td class=\"has-text-align-center\" data-align=\"center\">Jeudi 9 octobre 2025<\/td><\/tr><tr><td class=\"has-text-align-center\" data-align=\"center\">Jeudi 6 novembre 2025<\/td><\/tr><tr><td class=\"has-text-align-center\" data-align=\"center\">Jeudi 4 d\u00e9cembre 2025<\/td><\/tr><tr><td class=\"has-text-align-center\" data-align=\"center\">Jeudi 15 janvier 2026<\/td><\/tr><tr><td class=\"has-text-align-center\" data-align=\"center\">Jeudi 12 f\u00e9vrier 2026<\/td><\/tr><tr><td class=\"has-text-align-center\" data-align=\"center\">Jeudi 12 mars 2026<\/td><\/tr><tr><td class=\"has-text-align-center\" data-align=\"center\">Jeudi 9 avril 2026<\/td><\/tr><tr><td class=\"has-text-align-center\" data-align=\"center\">Jeudi 7 mai 2026<\/td><\/tr><tr><td class=\"has-text-align-center\" data-align=\"center\">Jeudi 11 juin 2026<\/td><\/tr><tr><td class=\"has-text-align-center\" data-align=\"center\"><\/td><\/tr><\/tbody><\/table><\/figure>\n\n\n\n<p class=\"has-text-align-center\"><\/p>\n\n\n\n<p class=\"has-text-align-center\"><br \/><br \/><br \/><\/p>\n\n\n\n<p class=\"has-text-align-center\">***********<\/p>\n\n\n\n<p class=\"has-text-align-center has-larger-font-size\"><strong> __________________________________<\/strong> <\/p>\n\n\n\n<p>Ce groupe s\u2019est constitu\u00e9 \u00e0 l\u2019initiative du P\u00e8re Bertrand Gournay, il y a d\u00e9j\u00e0 de longues ann\u00e9es\u2026 Lorsqu\u2019il est parti \u00e0 Tamanrasset, nous avons continu\u00e9 \u00e0 lire la Bible.<strong><br \/><br \/><br \/><br \/><\/strong><\/p>\n","protected":false},"excerpt":{"rendered":"<p>Calendrier des Rencontres Maison Paroissiale &#8211; 17 rue Alphand, Brian\u00e7on 14 h &#8211; 16h Jeudi 9 octobre 2025 Jeudi 6 novembre 2025 Jeudi 4 d\u00e9cembre 2025 Jeudi 15 janvier 2026 Jeudi 12 f\u00e9vrier 2026 Jeudi 12 mars 2026 Jeudi 9 avril 2026 Jeudi 7 mai 2026 Jeudi 11 juin 2026 *********** __________________________________ Ce groupe s\u2019est [&hellip;]<\/p>\n","protected":false},"author":407,"featured_media":0,"parent":12426,"menu_order":0,"comment_status":"closed","ping_status":"closed","template":"","meta":{"jetpack_post_was_ever_published":false,"footnotes":""},"class_list":["post-15466","page","type-page","status-publish","hentry"],"yoast_head":"<!-- This site is optimized with the Yoast SEO plugin v27.3 - https:\/\/yoast.com\/product\/yoast-seo-wordpress\/ -->\n<title>ETUDE BIBLIQUE - Eglise en Brian\u00e7onnais<\/title>\n<meta name=\"robots\" content=\"index, follow, max-snippet:-1, max-image-preview:large, max-video-preview:-1\" \/>\n<link rel=\"canonical\" href=\"https:\/\/egliseenbrianconnais.net\/WordPress3\/annonce-de-la-parole\/bible-semiotique\/\" \/>\n<meta property=\"og:locale\" content=\"fr_FR\" \/>\n<meta property=\"og:type\" content=\"article\" \/>\n<meta property=\"og:title\" content=\"ETUDE BIBLIQUE - Eglise en Brian\u00e7onnais\" \/>\n<meta property=\"og:description\" content=\"Calendrier des Rencontres Maison Paroissiale &#8211; 17 rue Alphand, Brian\u00e7on 14 h &#8211; 16h Jeudi 9 octobre 2025 Jeudi 6 novembre 2025 Jeudi 4 d\u00e9cembre 2025 Jeudi 15 janvier 2026 Jeudi 12 f\u00e9vrier 2026 Jeudi 12 mars 2026 Jeudi 9 avril 2026 Jeudi 7 mai 2026 Jeudi 11 juin 2026 *********** __________________________________ Ce groupe s\u2019est [&hellip;]\" \/>\n<meta property=\"og:url\" content=\"https:\/\/egliseenbrianconnais.net\/WordPress3\/annonce-de-la-parole\/bible-semiotique\/\" \/>\n<meta property=\"og:site_name\" content=\"Eglise en Brian\u00e7onnais\" \/>\n<meta property=\"article:modified_time\" content=\"2025-11-03T21:37:29+00:00\" \/>\n<meta name=\"twitter:card\" content=\"summary_large_image\" \/>\n<meta name=\"twitter:label1\" content=\"Dur\u00e9e de lecture estim\u00e9e\" \/>\n\t<meta name=\"twitter:data1\" content=\"1 minute\" \/>\n<script type=\"application\/ld+json\" class=\"yoast-schema-graph\">{\"@context\":\"https:\\\/\\\/schema.org\",\"@graph\":[{\"@type\":\"WebPage\",\"@id\":\"https:\\\/\\\/egliseenbrianconnais.net\\\/WordPress3\\\/annonce-de-la-parole\\\/bible-semiotique\\\/\",\"url\":\"https:\\\/\\\/egliseenbrianconnais.net\\\/WordPress3\\\/annonce-de-la-parole\\\/bible-semiotique\\\/\",\"name\":\"ETUDE BIBLIQUE - Eglise en Brian\u00e7onnais\",\"isPartOf\":{\"@id\":\"https:\\\/\\\/egliseenbrianconnais.net\\\/WordPress3\\\/#website\"},\"datePublished\":\"2017-09-27T07:13:31+00:00\",\"dateModified\":\"2025-11-03T21:37:29+00:00\",\"breadcrumb\":{\"@id\":\"https:\\\/\\\/egliseenbrianconnais.net\\\/WordPress3\\\/annonce-de-la-parole\\\/bible-semiotique\\\/#breadcrumb\"},\"inLanguage\":\"fr-FR\",\"potentialAction\":[{\"@type\":\"ReadAction\",\"target\":[\"https:\\\/\\\/egliseenbrianconnais.net\\\/WordPress3\\\/annonce-de-la-parole\\\/bible-semiotique\\\/\"]}]},{\"@type\":\"BreadcrumbList\",\"@id\":\"https:\\\/\\\/egliseenbrianconnais.net\\\/WordPress3\\\/annonce-de-la-parole\\\/bible-semiotique\\\/#breadcrumb\",\"itemListElement\":[{\"@type\":\"ListItem\",\"position\":1,\"name\":\"Accueil\",\"item\":\"https:\\\/\\\/egliseenbrianconnais.net\\\/WordPress3\\\/\"},{\"@type\":\"ListItem\",\"position\":2,\"name\":\"ANNONCE DE LA PAROLE\",\"item\":\"https:\\\/\\\/egliseenbrianconnais.net\\\/WordPress3\\\/annonce-de-la-parole\\\/\"},{\"@type\":\"ListItem\",\"position\":3,\"name\":\"ETUDE BIBLIQUE\"}]},{\"@type\":\"WebSite\",\"@id\":\"https:\\\/\\\/egliseenbrianconnais.net\\\/WordPress3\\\/#website\",\"url\":\"https:\\\/\\\/egliseenbrianconnais.net\\\/WordPress3\\\/\",\"name\":\"EgliseenBrian\u00e7onnais\",\"description\":\"BIENVENUE !\",\"publisher\":{\"@id\":\"https:\\\/\\\/egliseenbrianconnais.net\\\/WordPress3\\\/#organization\"},\"potentialAction\":[{\"@type\":\"SearchAction\",\"target\":{\"@type\":\"EntryPoint\",\"urlTemplate\":\"https:\\\/\\\/egliseenbrianconnais.net\\\/WordPress3\\\/?s={search_term_string}\"},\"query-input\":{\"@type\":\"PropertyValueSpecification\",\"valueRequired\":true,\"valueName\":\"search_term_string\"}}],\"inLanguage\":\"fr-FR\"},{\"@type\":\"Organization\",\"@id\":\"https:\\\/\\\/egliseenbrianconnais.net\\\/WordPress3\\\/#organization\",\"name\":\"EgliseenBrian\u00e7onnais\",\"url\":\"https:\\\/\\\/egliseenbrianconnais.net\\\/WordPress3\\\/\",\"logo\":{\"@type\":\"ImageObject\",\"inLanguage\":\"fr-FR\",\"@id\":\"https:\\\/\\\/egliseenbrianconnais.net\\\/WordPress3\\\/#\\\/schema\\\/logo\\\/image\\\/\",\"url\":\"http:\\\/\\\/egliseenbrianconnais.net\\\/WordPress3\\\/wp-content\\\/uploads\\\/2021\\\/09\\\/Logo-Ste-Catherine.jpg\",\"contentUrl\":\"http:\\\/\\\/egliseenbrianconnais.net\\\/WordPress3\\\/wp-content\\\/uploads\\\/2021\\\/09\\\/Logo-Ste-Catherine.jpg\",\"width\":850,\"height\":1417,\"caption\":\"EgliseenBrian\u00e7onnais\"},\"image\":{\"@id\":\"https:\\\/\\\/egliseenbrianconnais.net\\\/WordPress3\\\/#\\\/schema\\\/logo\\\/image\\\/\"}}]}<\/script>\n<!-- \/ Yoast SEO plugin. -->","yoast_head_json":{"title":"ETUDE BIBLIQUE - Eglise en Brian\u00e7onnais","robots":{"index":"index","follow":"follow","max-snippet":"max-snippet:-1","max-image-preview":"max-image-preview:large","max-video-preview":"max-video-preview:-1"},"canonical":"https:\/\/egliseenbrianconnais.net\/WordPress3\/annonce-de-la-parole\/bible-semiotique\/","og_locale":"fr_FR","og_type":"article","og_title":"ETUDE BIBLIQUE - Eglise en Brian\u00e7onnais","og_description":"Calendrier des Rencontres Maison Paroissiale &#8211; 17 rue Alphand, Brian\u00e7on 14 h &#8211; 16h Jeudi 9 octobre 2025 Jeudi 6 novembre 2025 Jeudi 4 d\u00e9cembre 2025 Jeudi 15 janvier 2026 Jeudi 12 f\u00e9vrier 2026 Jeudi 12 mars 2026 Jeudi 9 avril 2026 Jeudi 7 mai 2026 Jeudi 11 juin 2026 *********** __________________________________ Ce groupe s\u2019est [&hellip;]","og_url":"https:\/\/egliseenbrianconnais.net\/WordPress3\/annonce-de-la-parole\/bible-semiotique\/","og_site_name":"Eglise en Brian\u00e7onnais","article_modified_time":"2025-11-03T21:37:29+00:00","twitter_card":"summary_large_image","twitter_misc":{"Dur\u00e9e de lecture estim\u00e9e":"1 minute"},"schema":{"@context":"https:\/\/schema.org","@graph":[{"@type":"WebPage","@id":"https:\/\/egliseenbrianconnais.net\/WordPress3\/annonce-de-la-parole\/bible-semiotique\/","url":"https:\/\/egliseenbrianconnais.net\/WordPress3\/annonce-de-la-parole\/bible-semiotique\/","name":"ETUDE BIBLIQUE - Eglise en Brian\u00e7onnais","isPartOf":{"@id":"https:\/\/egliseenbrianconnais.net\/WordPress3\/#website"},"datePublished":"2017-09-27T07:13:31+00:00","dateModified":"2025-11-03T21:37:29+00:00","breadcrumb":{"@id":"https:\/\/egliseenbrianconnais.net\/WordPress3\/annonce-de-la-parole\/bible-semiotique\/#breadcrumb"},"inLanguage":"fr-FR","potentialAction":[{"@type":"ReadAction","target":["https:\/\/egliseenbrianconnais.net\/WordPress3\/annonce-de-la-parole\/bible-semiotique\/"]}]},{"@type":"BreadcrumbList","@id":"https:\/\/egliseenbrianconnais.net\/WordPress3\/annonce-de-la-parole\/bible-semiotique\/#breadcrumb","itemListElement":[{"@type":"ListItem","position":1,"name":"Accueil","item":"https:\/\/egliseenbrianconnais.net\/WordPress3\/"},{"@type":"ListItem","position":2,"name":"ANNONCE DE LA PAROLE","item":"https:\/\/egliseenbrianconnais.net\/WordPress3\/annonce-de-la-parole\/"},{"@type":"ListItem","position":3,"name":"ETUDE BIBLIQUE"}]},{"@type":"WebSite","@id":"https:\/\/egliseenbrianconnais.net\/WordPress3\/#website","url":"https:\/\/egliseenbrianconnais.net\/WordPress3\/","name":"EgliseenBrian\u00e7onnais","description":"BIENVENUE !","publisher":{"@id":"https:\/\/egliseenbrianconnais.net\/WordPress3\/#organization"},"potentialAction":[{"@type":"SearchAction","target":{"@type":"EntryPoint","urlTemplate":"https:\/\/egliseenbrianconnais.net\/WordPress3\/?s={search_term_string}"},"query-input":{"@type":"PropertyValueSpecification","valueRequired":true,"valueName":"search_term_string"}}],"inLanguage":"fr-FR"},{"@type":"Organization","@id":"https:\/\/egliseenbrianconnais.net\/WordPress3\/#organization","name":"EgliseenBrian\u00e7onnais","url":"https:\/\/egliseenbrianconnais.net\/WordPress3\/","logo":{"@type":"ImageObject","inLanguage":"fr-FR","@id":"https:\/\/egliseenbrianconnais.net\/WordPress3\/#\/schema\/logo\/image\/","url":"http:\/\/egliseenbrianconnais.net\/WordPress3\/wp-content\/uploads\/2021\/09\/Logo-Ste-Catherine.jpg","contentUrl":"http:\/\/egliseenbrianconnais.net\/WordPress3\/wp-content\/uploads\/2021\/09\/Logo-Ste-Catherine.jpg","width":850,"height":1417,"caption":"EgliseenBrian\u00e7onnais"},"image":{"@id":"https:\/\/egliseenbrianconnais.net\/WordPress3\/#\/schema\/logo\/image\/"}}]}},"jetpack_sharing_enabled":true,"_links":{"self":[{"href":"https:\/\/egliseenbrianconnais.net\/WordPress3\/wp-json\/wp\/v2\/pages\/15466","targetHints":{"allow":["GET"]}}],"collection":[{"href":"https:\/\/egliseenbrianconnais.net\/WordPress3\/wp-json\/wp\/v2\/pages"}],"about":[{"href":"https:\/\/egliseenbrianconnais.net\/WordPress3\/wp-json\/wp\/v2\/types\/page"}],"author":[{"embeddable":true,"href":"https:\/\/egliseenbrianconnais.net\/WordPress3\/wp-json\/wp\/v2\/users\/407"}],"replies":[{"embeddable":true,"href":"https:\/\/egliseenbrianconnais.net\/WordPress3\/wp-json\/wp\/v2\/comments?post=15466"}],"version-history":[{"count":12,"href":"https:\/\/egliseenbrianconnais.net\/WordPress3\/wp-json\/wp\/v2\/pages\/15466\/revisions"}],"predecessor-version":[{"id":49179,"href":"https:\/\/egliseenbrianconnais.net\/WordPress3\/wp-json\/wp\/v2\/pages\/15466\/revisions\/49179"}],"up":[{"embeddable":true,"href":"https:\/\/egliseenbrianconnais.net\/WordPress3\/wp-json\/wp\/v2\/pages\/12426"}],"wp:attachment":[{"href":"https:\/\/egliseenbrianconnais.net\/WordPress3\/wp-json\/wp\/v2\/media?parent=15466"}],"curies":[{"name":"wp","href":"https:\/\/api.w.org\/{rel}","templated":true}]}}